CRAN Package Check Results for Package pomodoro

Last updated on 2025-07-19 05:49:51 CEST.

Flavor Version Tinstall Tcheck Ttotal Status Flags
r-devel-linux-x86_64-debian-clang 3.8.0 15.38 217.62 233.00 NOTE
r-devel-linux-x86_64-debian-gcc 3.8.0 10.37 161.50 171.87 NOTE
r-devel-linux-x86_64-fedora-clang 3.8.0 338.51 NOTE
r-devel-linux-x86_64-fedora-gcc 3.8.0 342.33 NOTE
r-devel-windows-x86_64 3.8.0 16.00 210.00 226.00 NOTE
r-patched-linux-x86_64 3.8.0 13.73 198.04 211.77 NOTE
r-release-linux-x86_64 3.8.0 13.49 197.77 211.26 NOTE
r-release-macos-arm64 3.8.0 140.00 NOTE
r-release-macos-x86_64 3.8.0 223.00 NOTE
r-release-windows-x86_64 3.8.0 14.00 205.00 219.00 NOTE
r-oldrel-macos-arm64 3.8.0 130.00 NOTE
r-oldrel-macos-x86_64 3.8.0 185.00 NOTE
r-oldrel-windows-x86_64 3.8.0 20.00 302.00 322.00 NOTE

Check Details

Version: 3.8.0
Check: CRAN incoming feasibility
Result: NOTE Maintainer: ‘Seyma Kalay <seymakalay@hotmail.com>’ No Authors@R field in DESCRIPTION. Please add one, modifying Authors@R: person(given = "Seyma", family = "Kalay", role = c("aut", "cre"), email = "seymakalay@hotmail.com") as necessary. Flavors: r-devel-linux-x86_64-debian-clang, r-devel-linux-x86_64-debian-gcc

Version: 3.8.0
Check: Rd files
Result: NOTE checkRd: (-1) MLM_Model.Rd:31: Lost braces; missing escapes or markup? 31 | the weight vectors \bold{{w}^{i}} corresponds to class \eqn{i}{i}. | ^ checkRd: (-1) MLM_Model.Rd:33: Lost braces; missing escapes or markup? 33 | We set \eqn{{\bold{{w}}^{h}} = 0} and the parameters to be learned are the weight vectors \bold{{w}^{i}} | ^ Flavors: r-devel-linux-x86_64-debian-clang, r-devel-linux-x86_64-debian-gcc, r-devel-linux-x86_64-fedora-clang, r-devel-linux-x86_64-fedora-gcc, r-devel-windows-x86_64, r-patched-linux-x86_64, r-release-linux-x86_64, r-release-macos-arm64, r-release-macos-x86_64, r-release-windows-x86_64, r-oldrel-macos-arm64, r-oldrel-macos-x86_64, r-oldrel-windows-x86_64