CRAN Package Check Results for Package pocketapi

Last updated on 2025-07-04 05:49:30 CEST.

Flavor Version Tinstall Tcheck Ttotal Status Flags
r-devel-linux-x86_64-debian-clang 0.1 3.30 40.24 43.54 NOTE
r-devel-linux-x86_64-debian-gcc 0.1 2.67 30.86 33.53 NOTE
r-devel-linux-x86_64-fedora-clang 0.1 70.57 NOTE
r-devel-linux-x86_64-fedora-gcc 0.1 93.69 NOTE
r-devel-windows-x86_64 0.1 6.00 61.00 67.00 NOTE
r-patched-linux-x86_64 0.1 3.15 36.89 40.04 NOTE
r-release-linux-x86_64 0.1 3.44 36.78 40.22 NOTE
r-release-macos-arm64 0.1 41.00 NOTE
r-release-macos-x86_64 0.1 78.00 NOTE
r-release-windows-x86_64 0.1 6.00 60.00 66.00 NOTE
r-oldrel-macos-arm64 0.1 39.00 NOTE
r-oldrel-macos-x86_64 0.1 53.00 NOTE
r-oldrel-windows-x86_64 0.1 6.00 69.00 75.00 NOTE

Check Details

Version: 0.1
Check: package subdirectories
Result: NOTE Problems with news in ‘NEWS.md’: No news entries found. Flavors: r-devel-linux-x86_64-debian-clang, r-devel-linux-x86_64-debian-gcc, r-devel-linux-x86_64-fedora-clang, r-devel-linux-x86_64-fedora-gcc, r-devel-windows-x86_64, r-patched-linux-x86_64, r-release-linux-x86_64, r-release-macos-arm64, r-release-macos-x86_64, r-release-windows-x86_64, r-oldrel-macos-arm64, r-oldrel-macos-x86_64, r-oldrel-windows-x86_64

Version: 0.1
Check: dependencies in R code
Result: NOTE Namespace in Imports field not imported from: ‘dplyr’ All declared Imports should be used. Flavors: r-devel-linux-x86_64-fedora-clang, r-devel-linux-x86_64-fedora-gcc

Version: 0.1
Check: LazyData
Result: NOTE 'LazyData' is specified without a 'data' directory Flavors: r-oldrel-macos-arm64, r-oldrel-macos-x86_64, r-oldrel-windows-x86_64