Last updated on 2025-07-03 04:51:04 CEST.
Flavor | Version | Tinstall | Tcheck | Ttotal | Status | Flags |
---|---|---|---|---|---|---|
r-devel-linux-x86_64-debian-clang | 0.9.4 | 6.38 | 93.50 | 99.88 | NOTE | |
r-devel-linux-x86_64-debian-gcc | 0.9.4 | 4.93 | 66.51 | 71.44 | NOTE | |
r-devel-linux-x86_64-fedora-clang | 0.9.4 | 151.48 | NOTE | |||
r-devel-linux-x86_64-fedora-gcc | 0.9.4 | 158.67 | NOTE | |||
r-devel-windows-x86_64 | 0.9.4 | 10.00 | 107.00 | 117.00 | NOTE | |
r-patched-linux-x86_64 | 0.9.4 | 7.93 | 86.63 | 94.56 | NOTE | |
r-release-linux-x86_64 | 0.9.4 | 6.08 | 85.96 | 92.04 | NOTE | |
r-release-macos-arm64 | 0.9.4 | 53.00 | NOTE | |||
r-release-macos-x86_64 | 0.9.4 | 104.00 | NOTE | |||
r-release-windows-x86_64 | 0.9.4 | 10.00 | 110.00 | 120.00 | NOTE | |
r-oldrel-macos-arm64 | 0.9.4 | 45.00 | NOTE | |||
r-oldrel-macos-x86_64 | 0.9.4 | 76.00 | NOTE | |||
r-oldrel-windows-x86_64 | 0.9.4 | 13.00 | 133.00 | 146.00 | NOTE |
Version: 0.9.4
Check: Rd files
Result: NOTE
checkRd: (-1) sprinkle_colnames.Rd:26-28: Lost braces in \itemize; meant \describe ?
checkRd: (-1) sprinkle_colnames.Rd:29-31: Lost braces in \itemize; meant \describe ?
checkRd: (-1) tidy_levels_labels.Rd:62: Lost braces in \itemize; meant \describe ?
checkRd: (-1) tidy_levels_labels.Rd:63-68: Lost braces in \itemize; meant \describe ?
checkRd: (-1) tidy_levels_labels.Rd:69-73: Lost braces in \itemize; meant \describe ?
checkRd: (-1) tidy_levels_labels.Rd:74-77: Lost braces in \itemize; meant \describe ?
checkRd: (-1) tidy_levels_labels.Rd:78-83: Lost braces in \itemize; meant \describe ?
Flavors: r-devel-linux-x86_64-debian-clang, r-devel-linux-x86_64-debian-gcc, r-devel-linux-x86_64-fedora-clang, r-devel-linux-x86_64-fedora-gcc, r-devel-windows-x86_64, r-patched-linux-x86_64, r-release-linux-x86_64, r-release-macos-arm64, r-release-macos-x86_64, r-release-windows-x86_64, r-oldrel-macos-arm64, r-oldrel-macos-x86_64, r-oldrel-windows-x86_64