Last updated on 2025-07-04 05:49:30 CEST.
Flavor | Version | Tinstall | Tcheck | Ttotal | Status | Flags |
---|---|---|---|---|---|---|
r-devel-linux-x86_64-debian-clang | 0.0.11 | 2.69 | 34.34 | 37.03 | OK | |
r-devel-linux-x86_64-debian-gcc | 0.0.11 | 1.82 | 27.74 | 29.56 | OK | |
r-devel-linux-x86_64-fedora-clang | 0.0.11 | 54.24 | ERROR | |||
r-devel-linux-x86_64-fedora-gcc | 0.0.11 | 36.54 | ERROR | |||
r-devel-windows-x86_64 | 0.0.11 | 4.00 | 65.00 | 69.00 | OK | |
r-patched-linux-x86_64 | 0.0.11 | 2.39 | 31.47 | 33.86 | OK | |
r-release-linux-x86_64 | 0.0.11 | 2.59 | 31.18 | 33.77 | OK | |
r-release-macos-arm64 | 0.0.11 | 35.00 | OK | |||
r-release-macos-x86_64 | 0.0.11 | 55.00 | OK | |||
r-release-windows-x86_64 | 0.0.11 | 4.00 | 66.00 | 70.00 | OK | |
r-oldrel-macos-arm64 | 0.0.11 | 33.00 | OK | |||
r-oldrel-macos-x86_64 | 0.0.11 | 60.00 | OK | |||
r-oldrel-windows-x86_64 | 0.0.11 | 4.00 | 71.00 | 75.00 | OK |
Version: 0.0.11
Check: re-building of vignette outputs
Result: ERROR
Error(s) in re-building vignettes:
--- re-building ‘pinp.Rmd’ using rmarkdown
! Undefined control sequence.
\@outputdblcol ...i \@combinedblfloats \@setmarks
\@outputpage \begingroup \...
l.228 \end{ShadedResult}
Error: processing vignette 'pinp.Rmd' failed with diagnostics:
LaTeX failed to compile /data/gannet/ripley/R/packages/tests-clang/pinp.Rcheck/vign_test/pinp/vignettes/pinp.tex. See https://yihui.org/tinytex/r/#debugging for debugging tips. See pinp.log for more info.
--- failed re-building ‘pinp.Rmd’
SUMMARY: processing the following file failed:
‘pinp.Rmd’
Error: Vignette re-building failed.
Execution halted
Flavor: r-devel-linux-x86_64-fedora-clang
Version: 0.0.11
Check: re-building of vignette outputs
Result: ERROR
Error(s) in re-building vignettes:
--- re-building ‘pinp.Rmd’ using rmarkdown
! Undefined control sequence.
\@outputdblcol ...i \@combinedblfloats \@setmarks
\@outputpage \begingroup \...
l.228 \end{ShadedResult}
Error: processing vignette 'pinp.Rmd' failed with diagnostics:
LaTeX failed to compile /data/gannet/ripley/R/packages/tests-devel/pinp.Rcheck/vign_test/pinp/vignettes/pinp.tex. See https://yihui.org/tinytex/r/#debugging for debugging tips. See pinp.log for more info.
--- failed re-building ‘pinp.Rmd’
SUMMARY: processing the following file failed:
‘pinp.Rmd’
Error: Vignette re-building failed.
Execution halted
Flavor: r-devel-linux-x86_64-fedora-gcc