Last updated on 2025-07-26 05:48:44 CEST.
Flavor | Version | Tinstall | Tcheck | Ttotal | Status | Flags |
---|---|---|---|---|---|---|
r-devel-linux-x86_64-debian-clang | 0.1.1 | 7.78 | 58.62 | 66.40 | OK | |
r-devel-linux-x86_64-debian-gcc | 0.1.1 | 5.21 | 43.89 | 49.10 | OK | |
r-devel-linux-x86_64-fedora-clang | 0.1.1 | 101.73 | OK | |||
r-devel-linux-x86_64-fedora-gcc | 0.1.1 | 92.53 | OK | |||
r-devel-windows-x86_64 | 0.1.1 | 8.00 | 78.00 | 86.00 | OK | |
r-patched-linux-x86_64 | 0.1.1 | 6.79 | 54.87 | 61.66 | OK | |
r-release-linux-x86_64 | 0.1.1 | 7.10 | 54.44 | 61.54 | OK | |
r-release-macos-arm64 | 0.1.1 | 31.00 | OK | |||
r-release-macos-x86_64 | 0.1.1 | 53.00 | OK | |||
r-release-windows-x86_64 | 0.1.1 | 9.00 | 69.00 | 78.00 | OK | |
r-oldrel-macos-arm64 | 0.1.1 | 30.00 | NOTE | |||
r-oldrel-macos-x86_64 | 0.1.1 | 42.00 | NOTE | |||
r-oldrel-windows-x86_64 | 0.1.1 | 11.00 | 85.00 | 96.00 | NOTE |
Version: 0.1.1
Check: LazyData
Result: NOTE
'LazyData' is specified without a 'data' directory
Flavors: r-oldrel-macos-arm64, r-oldrel-macos-x86_64, r-oldrel-windows-x86_64