Last updated on 2024-05-02 04:00:29 CEST.
Flavor | Version | Tinstall | Tcheck | Ttotal | Status | Flags |
---|---|---|---|---|---|---|
r-devel-linux-x86_64-debian-clang | 2.6.2 | 9.65 | 72.42 | 82.07 | NOTE | |
r-devel-linux-x86_64-debian-gcc | 2.6.2 | 7.50 | 53.25 | 60.75 | NOTE | |
r-devel-linux-x86_64-fedora-clang | 2.6.2 | 102.47 | NOTE | |||
r-devel-linux-x86_64-fedora-gcc | 2.6.2 | 96.76 | NOTE | |||
r-devel-windows-x86_64 | 2.6.2 | 13.00 | 75.00 | 88.00 | NOTE | |
r-patched-linux-x86_64 | 2.6.2 | 10.59 | 68.22 | 78.81 | NOTE | |
r-release-linux-x86_64 | 2.6.2 | 8.27 | 68.66 | 76.93 | NOTE | |
r-release-macos-arm64 | 2.6.2 | 33.00 | NOTE | |||
r-release-windows-x86_64 | 2.6.2 | 11.00 | 77.00 | 88.00 | NOTE | |
r-oldrel-macos-arm64 | 2.6.2 | 35.00 | NOTE | |||
r-oldrel-macos-x86_64 | 2.6.2 | 54.00 | NOTE | |||
r-oldrel-windows-x86_64 | 2.6.2 | 15.00 | 86.00 | 101.00 | NOTE |
Version: 2.6.2
Check: C++ specification
Result: NOTE
Specified C++11: please drop specification unless essential
Flavors: r-devel-linux-x86_64-debian-clang, r-devel-linux-x86_64-debian-gcc, r-devel-linux-x86_64-fedora-clang, r-devel-linux-x86_64-fedora-gcc, r-devel-windows-x86_64, r-patched-linux-x86_64, r-release-linux-x86_64, r-release-macos-arm64, r-release-windows-x86_64, r-oldrel-macos-arm64, r-oldrel-macos-x86_64, r-oldrel-windows-x86_64
Version: 2.6.2
Check: Rd cross-references
Result: NOTE
Undeclared packages ‘future’, ‘geiger’, ‘caper’ in Rd xrefs
Flavor: r-devel-linux-x86_64-fedora-clang