Last updated on 2025-07-04 05:49:30 CEST.
Flavor | Version | Tinstall | Tcheck | Ttotal | Status | Flags |
---|---|---|---|---|---|---|
r-devel-linux-x86_64-debian-clang | 2.0.2 | 2.69 | 500.97 | 503.66 | NOTE | |
r-devel-linux-x86_64-debian-gcc | 2.0.2 | 2.15 | 276.87 | 279.02 | NOTE | |
r-devel-linux-x86_64-fedora-clang | 2.0.2 | 842.17 | OK | |||
r-devel-linux-x86_64-fedora-gcc | 2.0.2 | 855.17 | OK | |||
r-devel-windows-x86_64 | 2.0.2 | 5.00 | 71.00 | 76.00 | OK | --no-vignettes |
r-patched-linux-x86_64 | 2.0.2 | 3.11 | 496.70 | 499.81 | OK | |
r-release-linux-x86_64 | 2.0.2 | 2.59 | 485.56 | 488.15 | OK | |
r-release-macos-arm64 | 2.0.2 | 200.00 | OK | |||
r-release-macos-x86_64 | 2.0.2 | 506.00 | OK | |||
r-release-windows-x86_64 | 2.0.2 | 4.00 | 106.00 | 110.00 | OK | --no-vignettes |
r-oldrel-macos-arm64 | 2.0.2 | 195.00 | OK | |||
r-oldrel-macos-x86_64 | 2.0.2 | 384.00 | OK | |||
r-oldrel-windows-x86_64 | 2.0.2 | 5.00 | 84.00 | 89.00 | OK | --no-vignettes |
Version: 2.0.2
Check: CRAN incoming feasibility
Result: NOTE
Maintainer: ‘Pedro Tarroso <ptarroso@cibio.up.pt>’
No Authors@R field in DESCRIPTION.
Please add one, modifying
Authors@R: c(person(given = "Pedro",
family = "Tarroso",
role = c("aut", "cre"),
email = "ptarroso@cibio.up.pt"),
person(given = "Guillermo",
family = "Velo-Anton",
role = "aut"),
person(given = "Silvia",
family = "Carvalho",
role = "aut"))
as necessary.
Package CITATION file contains call(s) to old-style personList() or
as.personList(). Please use c() on person objects instead.
Package CITATION file contains call(s) to old-style citEntry(). Please
use bibentry() instead.
Flavors: r-devel-linux-x86_64-debian-clang, r-devel-linux-x86_64-debian-gcc