Last updated on 2025-02-06 05:49:17 CET.
Flavor | Version | Tinstall | Tcheck | Ttotal | Status | Flags |
---|---|---|---|---|---|---|
r-devel-linux-x86_64-debian-clang | 2.2.2 | 13.09 | 102.77 | 115.86 | NOTE | |
r-devel-linux-x86_64-debian-gcc | 2.2.2 | 7.94 | 74.33 | 82.27 | NOTE | |
r-devel-linux-x86_64-fedora-clang | 2.2.2 | 185.39 | OK | |||
r-devel-linux-x86_64-fedora-gcc | 2.2.2 | 186.44 | OK | |||
r-devel-windows-x86_64 | 2.2.2 | 15.00 | 157.00 | 172.00 | NOTE | |
r-patched-linux-x86_64 | 2.2.2 | 18.99 | 93.52 | 112.51 | OK | |
r-release-linux-x86_64 | 2.2.2 | 12.24 | 94.03 | 106.27 | OK | |
r-release-macos-arm64 | 2.2.2 | 72.00 | OK | |||
r-release-macos-x86_64 | 2.2.2 | 180.00 | OK | |||
r-release-windows-x86_64 | 2.2.2 | 15.00 | 152.00 | 167.00 | OK | |
r-oldrel-macos-arm64 | 2.2.2 | 79.00 | OK | |||
r-oldrel-macos-x86_64 | 2.2.2 | 162.00 | OK | |||
r-oldrel-windows-x86_64 | 2.2.2 | 18.00 | 182.00 | 200.00 | OK |
Version: 2.2.2
Check: Rd cross-references
Result: NOTE
Found the following Rd file(s) with Rd \link{} targets missing package
anchors:
fit_mlpmms.Rd: multlcmm
summary.mlpmmfit.Rd: summary.multlcmm
Please provide package anchors for all Rd \link{} targets not in the
package itself and the base packages.
Flavors: r-devel-linux-x86_64-debian-clang, r-devel-linux-x86_64-debian-gcc, r-devel-windows-x86_64