CRAN Package Check Results for Package pccc

Last updated on 2025-06-23 05:49:46 CEST.

Flavor Version Tinstall Tcheck Ttotal Status Flags
r-devel-linux-x86_64-debian-clang 1.0.6 34.99 61.04 96.03 OK
r-devel-linux-x86_64-debian-gcc 1.0.6 26.51 46.16 72.67 OK
r-devel-linux-x86_64-fedora-clang 1.0.6 146.53 OK
r-devel-linux-x86_64-fedora-gcc 1.0.6 136.93 OK
r-devel-windows-x86_64 1.0.6 30.00 98.00 128.00 OK
r-patched-linux-x86_64 1.0.6 40.66 57.41 98.07 OK
r-release-linux-x86_64 1.0.6 41.66 57.39 99.05 OK
r-release-macos-arm64 1.0.6 55.00 OK
r-release-macos-x86_64 1.0.6 127.00 OK
r-release-windows-x86_64 1.0.6 29.00 96.00 125.00 OK
r-oldrel-macos-arm64 1.0.6 75.00 NOTE
r-oldrel-macos-x86_64 1.0.6 110.00 OK
r-oldrel-windows-x86_64 1.0.6 46.00 118.00 164.00 OK

Check Details

Version: 1.0.6
Check: installed package size
Result: NOTE installed size is 5.2Mb sub-directories of 1Mb or more: libs 3.1Mb Flavor: r-oldrel-macos-arm64