Last updated on 2024-05-02 04:00:29 CEST.
Flavor | Version | Tinstall | Tcheck | Ttotal | Status | Flags |
---|---|---|---|---|---|---|
r-devel-linux-x86_64-debian-clang | 1.0.0 | 2.51 | 31.00 | 33.51 | NOTE | |
r-devel-linux-x86_64-debian-gcc | 1.0.0 | 1.93 | 23.78 | 25.71 | NOTE | |
r-devel-linux-x86_64-fedora-clang | 1.0.0 | 41.80 | NOTE | |||
r-devel-linux-x86_64-fedora-gcc | 1.0.0 | 39.98 | NOTE | |||
r-devel-windows-x86_64 | 1.0.0 | 3.00 | 45.00 | 48.00 | NOTE | |
r-patched-linux-x86_64 | 1.0.0 | 2.30 | 30.26 | 32.56 | NOTE | |
r-release-linux-x86_64 | 1.0.0 | 1.69 | 30.11 | 31.80 | NOTE | |
r-release-macos-arm64 | 1.0.0 | 17.00 | NOTE | |||
r-release-windows-x86_64 | 1.0.0 | 3.00 | 46.00 | 49.00 | NOTE | |
r-oldrel-macos-arm64 | 1.0.0 | 20.00 | NOTE | |||
r-oldrel-macos-x86_64 | 1.0.0 | 24.00 | NOTE | |||
r-oldrel-windows-x86_64 | 1.0.0 | 3.00 | 46.00 | 49.00 | NOTE |
Version: 1.0.0
Check: LazyData
Result: NOTE
'LazyData' is specified without a 'data' directory
Flavors: r-devel-linux-x86_64-debian-clang, r-devel-linux-x86_64-debian-gcc, r-devel-linux-x86_64-fedora-clang, r-devel-linux-x86_64-fedora-gcc, r-devel-windows-x86_64, r-patched-linux-x86_64, r-release-linux-x86_64, r-release-macos-arm64, r-release-windows-x86_64, r-oldrel-macos-arm64, r-oldrel-macos-x86_64, r-oldrel-windows-x86_64