CRAN Package Check Results for Package pass.lme

Last updated on 2025-07-03 04:51:04 CEST.

Flavor Version Tinstall Tcheck Ttotal Status Flags
r-devel-linux-x86_64-debian-clang 0.9.0 1.68 17.42 19.10 NOTE
r-devel-linux-x86_64-debian-gcc 0.9.0 1.38 14.73 16.11 NOTE
r-devel-linux-x86_64-fedora-clang 0.9.0 29.77 OK
r-devel-linux-x86_64-fedora-gcc 0.9.0 27.00 OK
r-devel-windows-x86_64 0.9.0 4.00 36.00 40.00 OK
r-patched-linux-x86_64 0.9.0 1.83 16.61 18.44 OK
r-release-linux-x86_64 0.9.0 1.57 16.45 18.02 OK
r-release-macos-arm64 0.9.0 14.00 OK
r-release-macos-x86_64 0.9.0 25.00 OK
r-release-windows-x86_64 0.9.0 3.00 37.00 40.00 OK
r-oldrel-macos-arm64 0.9.0 13.00 OK
r-oldrel-macos-x86_64 0.9.0 23.00 OK
r-oldrel-windows-x86_64 0.9.0 3.00 35.00 38.00 OK

Check Details

Version: 0.9.0
Check: CRAN incoming feasibility
Result: NOTE Maintainer: ‘Marco Chak Yan YU <marcocyyu@gmail.com>’ No Authors@R field in DESCRIPTION. Please add one, modifying Authors@R: person(given = c("Marco", "Chak", "Yan"), family = "YU", role = c("aut", "cre"), email = "marcocyyu@gmail.com") as necessary. Flavors: r-devel-linux-x86_64-debian-clang, r-devel-linux-x86_64-debian-gcc