Last updated on 2025-07-27 05:48:38 CEST.
Flavor | Version | Tinstall | Tcheck | Ttotal | Status | Flags |
---|---|---|---|---|---|---|
r-devel-linux-x86_64-debian-clang | 3.4.7 | 25.95 | 343.37 | 369.32 | NOTE | |
r-devel-linux-x86_64-debian-gcc | 3.4.7 | 17.20 | 205.24 | 222.44 | NOTE | |
r-devel-linux-x86_64-fedora-clang | 3.4.7 | 576.60 | OK | |||
r-devel-linux-x86_64-fedora-gcc | 3.4.7 | 552.16 | OK | |||
r-devel-windows-x86_64 | 3.4.7 | 25.00 | 324.00 | 349.00 | OK | |
r-patched-linux-x86_64 | 3.4.7 | 27.33 | 316.47 | 343.80 | OK | |
r-release-linux-x86_64 | 3.4.7 | 22.48 | 316.50 | 338.98 | OK | |
r-release-macos-arm64 | 3.4.7 | 133.00 | OK | |||
r-release-macos-x86_64 | 3.4.7 | 324.00 | OK | |||
r-release-windows-x86_64 | 3.4.7 | 25.00 | 300.00 | 325.00 | OK | |
r-oldrel-macos-arm64 | 3.4.7 | 128.00 | OK | |||
r-oldrel-macos-x86_64 | 3.4.7 | 379.00 | OK | |||
r-oldrel-windows-x86_64 | 3.4.7 | 33.00 | 421.00 | 454.00 | OK |
Version: 3.4.7
Check: CRAN incoming feasibility
Result: NOTE
Maintainer: ‘David W. Bapst <dwbapst@gmail.com>’
No Authors@R field in DESCRIPTION.
Please add one, modifying
Authors@R: c(person(given = c("David", "W."),
family = "Bapst",
role = c("aut", "cre"),
email = "dwbapst@gmail.com"),
person(given = c("Peter", "J."),
family = "Wagner",
role = "aut"))
as necessary.
Flavors: r-devel-linux-x86_64-debian-clang, r-devel-linux-x86_64-debian-gcc