Last updated on 2025-02-06 05:49:17 CET.
Flavor | Version | Tinstall | Tcheck | Ttotal | Status | Flags |
---|---|---|---|---|---|---|
r-devel-linux-x86_64-debian-clang | 1.10.0 | 64.33 | 39.02 | 103.35 | OK | |
r-devel-linux-x86_64-debian-gcc | 1.10.0 | 44.12 | 30.67 | 74.79 | OK | |
r-devel-linux-x86_64-fedora-clang | 1.10.0 | 198.54 | OK | |||
r-devel-linux-x86_64-fedora-gcc | 1.10.0 | 201.23 | OK | |||
r-devel-windows-x86_64 | 1.10.0 | 74.00 | 80.00 | 154.00 | OK | |
r-patched-linux-x86_64 | 1.10.0 | 63.48 | 37.28 | 100.76 | OK | |
r-release-linux-x86_64 | 1.10.0 | 57.19 | 36.45 | 93.64 | OK | |
r-release-macos-arm64 | 1.10.0 | 58.00 | NOTE | |||
r-release-macos-x86_64 | 1.10.0 | 110.00 | NOTE | |||
r-release-windows-x86_64 | 1.10.0 | 65.00 | 85.00 | 150.00 | OK | |
r-oldrel-macos-arm64 | 1.10.0 | 61.00 | NOTE | |||
r-oldrel-macos-x86_64 | 1.10.0 | 107.00 | NOTE | |||
r-oldrel-windows-x86_64 | 1.10.0 | 84.00 | 89.00 | 173.00 | OK |
Version: 1.10.0
Check: installed package size
Result: NOTE
installed size is 7.2Mb
sub-directories of 1Mb or more:
doc 1.1Mb
libs 5.8Mb
Flavors: r-release-macos-arm64, r-release-macos-x86_64, r-oldrel-macos-arm64, r-oldrel-macos-x86_64