Last updated on 2024-05-02 04:00:28 CEST.
Flavor | Version | Tinstall | Tcheck | Ttotal | Status | Flags |
---|---|---|---|---|---|---|
r-devel-linux-x86_64-debian-clang | 0.5.0 | 6.55 | 100.09 | 106.64 | OK | |
r-devel-linux-x86_64-debian-gcc | 0.5.0 | 4.82 | 77.15 | 81.97 | OK | |
r-devel-linux-x86_64-fedora-clang | 0.5.1 | 138.27 | NOTE | |||
r-devel-linux-x86_64-fedora-gcc | 0.5.1 | 147.53 | NOTE | |||
r-devel-windows-x86_64 | 0.5.1 | 8.00 | 111.00 | 119.00 | NOTE | |
r-patched-linux-x86_64 | 0.5.0 | 8.38 | 94.81 | 103.19 | OK | |
r-release-linux-x86_64 | 0.5.0 | 6.08 | 97.01 | 103.09 | OK | |
r-release-macos-arm64 | 0.5.1 | 55.00 | NOTE | |||
r-release-macos-x86_64 | 0.5.1 | 114.00 | NOTE | |||
r-release-windows-x86_64 | 0.5.0 | 8.00 | 104.00 | 112.00 | NOTE | |
r-oldrel-macos-arm64 | 0.5.1 | 67.00 | NOTE | |||
r-oldrel-macos-x86_64 | 0.5.1 | 89.00 | NOTE | |||
r-oldrel-windows-x86_64 | 0.5.1 | 12.00 | 119.00 | 131.00 | NOTE |
Version: 0.5.1
Check: installed package size
Result: NOTE
installed size is 5.2Mb
sub-directories of 1Mb or more:
data 3.5Mb
help 1.1Mb
Flavors: r-devel-linux-x86_64-fedora-clang, r-devel-windows-x86_64, r-release-macos-arm64, r-release-macos-x86_64, r-oldrel-macos-arm64, r-oldrel-macos-x86_64, r-oldrel-windows-x86_64
Version: 0.5.1
Check: data for non-ASCII characters
Result: NOTE
Note: found 35 marked UTF-8 strings
Flavors: r-devel-linux-x86_64-fedora-clang, r-devel-linux-x86_64-fedora-gcc
Version: 0.5.0
Check: installed package size
Result: NOTE
installed size is 5.1Mb
sub-directories of 1Mb or more:
data 3.4Mb
help 1.1Mb
Flavor: r-release-windows-x86_64