Last updated on 2025-05-09 04:52:04 CEST.
Flavor | Version | Tinstall | Tcheck | Ttotal | Status | Flags |
---|---|---|---|---|---|---|
r-devel-linux-x86_64-debian-clang | 0.2.4 | 1.98 | 23.89 | 25.87 | NOTE | |
r-devel-linux-x86_64-debian-gcc | 0.2.4 | 1.65 | 18.81 | 20.46 | NOTE | |
r-devel-linux-x86_64-fedora-clang | 0.2.4 | 40.54 | NOTE | |||
r-devel-linux-x86_64-fedora-gcc | 0.2.4 | 37.90 | NOTE | |||
r-devel-windows-x86_64 | 0.2.4 | 3.00 | 44.00 | 47.00 | NOTE | |
r-patched-linux-x86_64 | 0.2.4 | 2.39 | 22.63 | 25.02 | NOTE | |
r-release-linux-x86_64 | 0.2.4 | 1.39 | 22.24 | 23.63 | NOTE | |
r-release-macos-arm64 | 0.2.4 | 18.00 | NOTE | |||
r-release-macos-x86_64 | 0.2.4 | 29.00 | NOTE | |||
r-release-windows-x86_64 | 0.2.4 | 5.00 | 48.00 | 53.00 | NOTE | |
r-oldrel-macos-arm64 | 0.2.4 | 17.00 | OK | |||
r-oldrel-macos-x86_64 | 0.2.4 | 22.00 | OK | |||
r-oldrel-windows-x86_64 | 0.2.4 | 4.00 | 50.00 | 54.00 | OK |
Version: 0.2.4
Check: DESCRIPTION meta-information
Result: NOTE
Missing dependency on R >= 4.1.0 because package code uses the pipe
|> or function shorthand \(...) syntax added in R 4.1.0.
File(s) using such syntax:
‘utils.R’ ‘weather_now.R’
Flavors: r-devel-linux-x86_64-debian-clang, r-devel-linux-x86_64-debian-gcc, r-devel-linux-x86_64-fedora-clang, r-devel-linux-x86_64-fedora-gcc, r-devel-windows-x86_64, r-patched-linux-x86_64, r-release-linux-x86_64, r-release-macos-arm64, r-release-macos-x86_64, r-release-windows-x86_64