CRAN Package Check Results for Package onelogin

Last updated on 2025-07-03 04:51:03 CEST.

Flavor Version Tinstall Tcheck Ttotal Status Flags
r-devel-linux-x86_64-debian-clang 0.2.0 2.27 20.45 22.72 OK
r-devel-linux-x86_64-debian-gcc 0.2.0 2.01 17.50 19.51 OK
r-devel-linux-x86_64-fedora-clang 0.2.0 36.10 NOTE
r-devel-linux-x86_64-fedora-gcc 0.2.0 32.74 NOTE
r-devel-windows-x86_64 0.2.0 4.00 44.00 48.00 OK
r-patched-linux-x86_64 0.2.0 2.95 18.58 21.53 OK
r-release-linux-x86_64 0.2.0 2.53 18.41 20.94 OK
r-release-macos-arm64 0.2.0 18.00 OK
r-release-macos-x86_64 0.2.0 24.00 OK
r-release-windows-x86_64 0.2.0 4.00 45.00 49.00 OK
r-oldrel-macos-arm64 0.2.0 17.00 NOTE
r-oldrel-macos-x86_64 0.2.0 20.00 NOTE
r-oldrel-windows-x86_64 0.2.0 5.00 49.00 54.00 NOTE

Check Details

Version: 0.2.0
Check: dependencies in R code
Result: NOTE Namespaces in Imports field not imported from: ‘R6’ ‘safer’ All declared Imports should be used. Flavors: r-devel-linux-x86_64-fedora-clang, r-devel-linux-x86_64-fedora-gcc

Version: 0.2.0
Check: LazyData
Result: NOTE 'LazyData' is specified without a 'data' directory Flavors: r-oldrel-macos-arm64, r-oldrel-macos-x86_64, r-oldrel-windows-x86_64