Last updated on 2025-07-20 05:48:29 CEST.
Flavor | Version | Tinstall | Tcheck | Ttotal | Status | Flags |
---|---|---|---|---|---|---|
r-devel-linux-x86_64-debian-clang | 1.0.6 | 9.89 | 94.49 | 104.38 | NOTE | |
r-devel-linux-x86_64-debian-gcc | 1.0.6 | 6.16 | 66.38 | 72.54 | NOTE | |
r-devel-linux-x86_64-fedora-clang | 1.0.6 | 159.92 | NOTE | |||
r-devel-linux-x86_64-fedora-gcc | 1.0.6 | 165.11 | NOTE | |||
r-devel-windows-x86_64 | 1.0.6 | 12.00 | 106.00 | 118.00 | NOTE | |
r-patched-linux-x86_64 | 1.0.6 | 10.21 | 85.09 | 95.30 | NOTE | |
r-release-linux-x86_64 | 1.0.6 | 8.59 | 86.72 | 95.31 | NOTE | |
r-release-macos-arm64 | 1.0.6 | 64.00 | NOTE | |||
r-release-macos-x86_64 | 1.0.6 | 95.00 | NOTE | |||
r-release-windows-x86_64 | 1.0.6 | 11.00 | 103.00 | 114.00 | NOTE | |
r-oldrel-macos-arm64 | 1.0.6 | 55.00 | OK | |||
r-oldrel-macos-x86_64 | 1.0.6 | 92.00 | OK | |||
r-oldrel-windows-x86_64 | 1.0.6 | 15.00 | 126.00 | 141.00 | OK |
Version: 1.0.6
Check: DESCRIPTION meta-information
Result: NOTE
Missing dependency on R >= 4.1.0 because package code uses the pipe
|> or function shorthand \(...) syntax added in R 4.1.0.
File(s) using such syntax:
‘span_table.R’
Flavors: r-devel-linux-x86_64-debian-clang, r-devel-linux-x86_64-debian-gcc, r-devel-linux-x86_64-fedora-clang, r-devel-linux-x86_64-fedora-gcc, r-devel-windows-x86_64, r-patched-linux-x86_64, r-release-linux-x86_64, r-release-macos-arm64, r-release-macos-x86_64, r-release-windows-x86_64