Last updated on 2024-04-28 03:57:27 CEST.
Flavor | Version | Tinstall | Tcheck | Ttotal | Status | Flags |
---|---|---|---|---|---|---|
r-devel-linux-x86_64-debian-clang | 0.1.2 | 3.42 | 85.58 | 89.00 | NOTE | |
r-devel-linux-x86_64-debian-gcc | 0.1.2 | 2.95 | 62.36 | 65.31 | NOTE | |
r-devel-linux-x86_64-fedora-clang | 0.1.2 | 98.02 | NOTE | |||
r-devel-linux-x86_64-fedora-gcc | 0.1.2 | 108.97 | NOTE | |||
r-devel-windows-x86_64 | 0.1.2 | 4.00 | 1161.00 | 1165.00 | NOTE | |
r-patched-linux-x86_64 | 0.1.2 | 2.43 | 82.95 | 85.38 | NOTE | |
r-release-linux-x86_64 | 0.1.2 | 2.11 | 82.35 | 84.46 | NOTE | |
r-release-macos-arm64 | 0.1.2 | 1246.00 | NOTE | |||
r-release-windows-x86_64 | 0.1.2 | 5.00 | 1202.00 | 1207.00 | NOTE | |
r-oldrel-macos-arm64 | 0.1.2 | 1159.00 | NOTE | |||
r-oldrel-macos-x86_64 | 0.1.2 | 1203.00 | NOTE | |||
r-oldrel-windows-x86_64 | 0.1.2 | 5.00 | 1184.00 | 1189.00 | NOTE |
Version: 0.1.2
Check: LazyData
Result: NOTE
'LazyData' is specified without a 'data' directory
Flavors: r-devel-linux-x86_64-debian-clang, r-devel-linux-x86_64-debian-gcc, r-devel-linux-x86_64-fedora-clang, r-devel-linux-x86_64-fedora-gcc, r-devel-windows-x86_64, r-patched-linux-x86_64, r-release-linux-x86_64, r-release-macos-arm64, r-release-windows-x86_64, r-oldrel-macos-arm64, r-oldrel-macos-x86_64, r-oldrel-windows-x86_64