Last updated on 2025-05-09 04:52:04 CEST.
Flavor | Version | Tinstall | Tcheck | Ttotal | Status | Flags |
---|---|---|---|---|---|---|
r-devel-linux-x86_64-debian-clang | 0.5.0 | 13.37 | 103.88 | 117.25 | OK | |
r-devel-linux-x86_64-debian-gcc | 0.5.0 | 10.16 | 74.47 | 84.63 | OK | |
r-devel-linux-x86_64-fedora-clang | 0.5.0 | 192.26 | NOTE | |||
r-devel-linux-x86_64-fedora-gcc | 0.5.0 | 183.70 | NOTE | |||
r-devel-windows-x86_64 | 0.5.0 | 14.00 | 101.00 | 115.00 | OK | |
r-patched-linux-x86_64 | 0.5.0 | 14.04 | 96.46 | 110.50 | OK | |
r-release-linux-x86_64 | 0.5.0 | 13.22 | 96.32 | 109.54 | OK | |
r-release-macos-arm64 | 0.5.0 | 45.00 | OK | |||
r-release-macos-x86_64 | 0.5.0 | 96.00 | OK | |||
r-release-windows-x86_64 | 0.5.0 | 15.00 | 105.00 | 120.00 | OK | |
r-oldrel-macos-arm64 | 0.5.0 | 48.00 | OK | |||
r-oldrel-macos-x86_64 | 0.5.0 | 76.00 | OK | |||
r-oldrel-windows-x86_64 | 0.5.0 | 19.00 | 127.00 | 146.00 | OK |
Version: 0.5.0
Check: dependencies in R code
Result: NOTE
Namespaces in Imports field not imported from:
‘RColorBrewer’ ‘graphics’
All declared Imports should be used.
Flavors: r-devel-linux-x86_64-fedora-clang, r-devel-linux-x86_64-fedora-gcc