Last updated on 2024-05-02 04:00:28 CEST.
Flavor | Version | Tinstall | Tcheck | Ttotal | Status | Flags |
---|---|---|---|---|---|---|
r-devel-linux-x86_64-debian-clang | 1.8-2 | 301.56 | 715.44 | 1017.00 | OK | |
r-devel-linux-x86_64-debian-gcc | 1.8-2 | 224.05 | 507.68 | 731.73 | OK | |
r-devel-linux-x86_64-fedora-clang | 1.8-2 | 1339.65 | NOTE | |||
r-devel-linux-x86_64-fedora-gcc | 1.8-2 | 1256.55 | OK | |||
r-devel-windows-x86_64 | 1.8-2 | 232.00 | 655.00 | 887.00 | NOTE | |
r-patched-linux-x86_64 | 1.8-2 | 319.89 | 689.67 | 1009.56 | OK | |
r-release-linux-x86_64 | 1.8-2 | 262.29 | 685.21 | 947.50 | OK | |
r-release-macos-arm64 | 1.8-2 | 267.00 | NOTE | |||
r-release-windows-x86_64 | 1.8-2 | 237.00 | 652.00 | 889.00 | NOTE | |
r-oldrel-macos-arm64 | 1.8-2 | 286.00 | NOTE | |||
r-oldrel-macos-x86_64 | 1.8-2 | 699.00 | NOTE | |||
r-oldrel-windows-x86_64 | 1.8-2 | 292.00 | 813.00 | 1105.00 | NOTE |
Version: 1.8-2
Check: installed package size
Result: NOTE
installed size is 9.7Mb
sub-directories of 1Mb or more:
R 2.7Mb
data 1.0Mb
doc 1.7Mb
help 3.2Mb
Flavors: r-devel-linux-x86_64-fedora-clang, r-devel-windows-x86_64, r-release-macos-arm64, r-release-windows-x86_64, r-oldrel-macos-arm64, r-oldrel-macos-x86_64, r-oldrel-windows-x86_64