CRAN Package Check Results for Package o2geosocial

Last updated on 2025-02-06 05:49:17 CET.

Flavor Version Tinstall Tcheck Ttotal Status Flags
r-devel-linux-x86_64-debian-clang 1.1.3 36.62 328.28 364.90 OK
r-devel-linux-x86_64-debian-gcc 1.1.3 27.16 146.53 173.69 ERROR
r-devel-linux-x86_64-fedora-clang 1.1.3 468.77 ERROR
r-devel-linux-x86_64-fedora-gcc 1.1.3 482.18 ERROR
r-devel-windows-x86_64 1.1.3 41.00 369.00 410.00 OK
r-patched-linux-x86_64 1.1.3 38.74 221.67 260.41 ERROR
r-release-linux-x86_64 1.1.3 39.00 310.06 349.06 OK
r-release-macos-arm64 1.1.3 241.00 OK
r-release-macos-x86_64 1.1.3 697.00 OK
r-release-windows-x86_64 1.1.3 39.00 276.00 315.00 ERROR
r-oldrel-macos-arm64 1.1.3 261.00 OK
r-oldrel-macos-x86_64 1.1.3 582.00 OK
r-oldrel-windows-x86_64 1.1.3 49.00 452.00 501.00 ERROR

Check Details

Version: 1.1.3
Check: re-building of vignette outputs
Result: ERROR Error(s) in re-building vignettes: ... --- re-building ‘o2geosocial.Rmd’ using rmarkdown ** Processing: /home/hornik/tmp/R.check/r-devel-gcc/Work/PKGS/o2geosocial.Rcheck/vign_test/o2geosocial/vignettes/o2geosocial_files/figure-html/plot_ref-1.png 624x384 pixels, 8 bits/pixel, 256 colors in palette Reducing image to 8 bits/pixel, grayscale Input IDAT size = 5405 bytes Input file size = 6263 bytes Trying: zc = 9 zm = 8 zs = 0 f = 0 IDAT size = 4705 zc = 9 zm = 8 zs = 1 f = 0 zc = 1 zm = 8 zs = 2 f = 0 zc = 9 zm = 8 zs = 3 f = 0 zc = 9 zm = 8 zs = 0 f = 5 zc = 9 zm = 8 zs = 1 f = 5 zc = 1 zm = 8 zs = 2 f = 5 zc = 9 zm = 8 zs = 3 f = 5 Selecting parameters: zc = 9 zm = 8 zs = 0 f = 0 IDAT size = 4705 Output IDAT size = 4705 bytes (700 bytes decrease) Output file size = 4783 bytes (1480 bytes = 23.63% decrease) Warning in doTryCatch(return(expr), name, parentenv, handler) : zero-length arrow is of indeterminate angle and so skipped Warning in doTryCatch(return(expr), name, parentenv, handler) : zero-length arrow is of indeterminate angle and so skipped Warning in doTryCatch(return(expr), name, parentenv, handler) : zero-length arrow is of indeterminate angle and so skipped Warning in doTryCatch(return(expr), name, parentenv, handler) : zero-length arrow is of indeterminate angle and so skipped Warning in doTryCatch(return(expr), name, parentenv, handler) : zero-length arrow is of indeterminate angle and so skipped ** Processing: /home/hornik/tmp/R.check/r-devel-gcc/Work/PKGS/o2geosocial.Rcheck/vign_test/o2geosocial/vignettes/o2geosocial_files/figure-html/plot_first-1.png 624x384 pixels, 8 bits/pixel, 256 colors in palette Reducing image to 8 bits/pixel, grayscale Input IDAT size = 8316 bytes Input file size = 9186 bytes Trying: zc = 9 zm = 8 zs = 0 f = 0 IDAT size = 7522 zc = 9 zm = 8 zs = 1 f = 0 zc = 1 zm = 8 zs = 2 f = 0 zc = 9 zm = 8 zs = 3 f = 0 zc = 9 zm = 8 zs = 0 f = 5 zc = 9 zm = 8 zs = 1 f = 5 zc = 1 zm = 8 zs = 2 f = 5 zc = 9 zm = 8 zs = 3 f = 5 Selecting parameters: zc = 9 zm = 8 zs = 0 f = 0 IDAT size = 7522 Output IDAT size = 7522 bytes (794 bytes decrease) Output file size = 7600 bytes (1586 bytes = 17.27% decrease) ** Processing: /home/hornik/tmp/R.check/r-devel-gcc/Work/PKGS/o2geosocial.Rcheck/vign_test/o2geosocial/vignettes/o2geosocial_files/figure-html/plot index_infer-1.png 672x288 pixels, 8 bits/pixel, 256 colors in palette Reducing image to 8 bits/pixel, grayscale Input IDAT size = 12053 bytes Input file size = 12923 bytes Trying: zc = 9 zm = 8 zs = 0 f = 0 IDAT size = 11043 zc = 9 zm = 8 zs = 1 f = 0 zc = 1 zm = 8 zs = 2 f = 0 zc = 9 zm = 8 zs = 3 f = 0 zc = 9 zm = 8 zs = 0 f = 5 zc = 9 zm = 8 zs = 1 f = 5 zc = 1 zm = 8 zs = 2 f = 5 zc = 9 zm = 8 zs = 3 f = 5 Selecting parameters: zc = 9 zm = 8 zs = 0 f = 0 IDAT size = 11043 Output IDAT size = 11043 bytes (1010 bytes decrease) Output file size = 11121 bytes (1802 bytes = 13.94% decrease) Quitting from lines 361-370 [import_sf_file] (o2geosocial.Rmd) Error: processing vignette 'o2geosocial.Rmd' failed with diagnostics: Cannot open "/tmp/Rtmp9TUuvr"; The source could be corrupt or not supported. See `st_drivers()` for a list of supported formats. --- failed re-building ‘o2geosocial.Rmd’ SUMMARY: processing the following file failed: ‘o2geosocial.Rmd’ Error: Vignette re-building failed. Execution halted Flavor: r-devel-linux-x86_64-debian-gcc

Version: 1.1.3
Check: re-building of vignette outputs
Result: ERROR Error(s) in re-building vignettes: --- re-building ‘o2geosocial.Rmd’ using rmarkdown ** Processing: /data/gannet/ripley/R/packages/tests-clang/o2geosocial.Rcheck/vign_test/o2geosocial/vignettes/o2geosocial_files/figure-html/plot_ref-1.png 624x384 pixels, 8 bits/pixel, 256 colors in palette Reducing image to 8 bits/pixel, grayscale Input IDAT size = 5405 bytes Input file size = 6263 bytes Trying: zc = 9 zm = 8 zs = 0 f = 0 IDAT size = 4705 zc = 9 zm = 8 zs = 1 f = 0 zc = 1 zm = 8 zs = 2 f = 0 zc = 9 zm = 8 zs = 3 f = 0 zc = 9 zm = 8 zs = 0 f = 5 zc = 9 zm = 8 zs = 1 f = 5 zc = 1 zm = 8 zs = 2 f = 5 zc = 9 zm = 8 zs = 3 f = 5 Selecting parameters: zc = 9 zm = 8 zs = 0 f = 0 IDAT size = 4705 Output IDAT size = 4705 bytes (700 bytes decrease) Output file size = 4783 bytes (1480 bytes = 23.63% decrease) Warning in doTryCatch(return(expr), name, parentenv, handler) : zero-length arrow is of indeterminate angle and so skipped Warning in doTryCatch(return(expr), name, parentenv, handler) : zero-length arrow is of indeterminate angle and so skipped Warning in doTryCatch(return(expr), name, parentenv, handler) : zero-length arrow is of indeterminate angle and so skipped Warning in doTryCatch(return(expr), name, parentenv, handler) : zero-length arrow is of indeterminate angle and so skipped ** Processing: /data/gannet/ripley/R/packages/tests-clang/o2geosocial.Rcheck/vign_test/o2geosocial/vignettes/o2geosocial_files/figure-html/plot_first-1.png 624x384 pixels, 8 bits/pixel, 256 colors in palette Reducing image to 8 bits/pixel, grayscale Input IDAT size = 8544 bytes Input file size = 9414 bytes Trying: zc = 9 zm = 8 zs = 0 f = 0 IDAT size = 7703 zc = 9 zm = 8 zs = 1 f = 0 zc = 1 zm = 8 zs = 2 f = 0 zc = 9 zm = 8 zs = 3 f = 0 zc = 9 zm = 8 zs = 0 f = 5 zc = 9 zm = 8 zs = 1 f = 5 zc = 1 zm = 8 zs = 2 f = 5 zc = 9 zm = 8 zs = 3 f = 5 Selecting parameters: zc = 9 zm = 8 zs = 0 f = 0 IDAT size = 7703 Output IDAT size = 7703 bytes (841 bytes decrease) Output file size = 7781 bytes (1633 bytes = 17.35% decrease) ** Processing: /data/gannet/ripley/R/packages/tests-clang/o2geosocial.Rcheck/vign_test/o2geosocial/vignettes/o2geosocial_files/figure-html/plot index_infer-1.png 672x288 pixels, 8 bits/pixel, 256 colors in palette Reducing image to 8 bits/pixel, grayscale Input IDAT size = 12427 bytes Input file size = 13297 bytes Trying: zc = 9 zm = 8 zs = 0 f = 0 IDAT size = 11328 zc = 9 zm = 8 zs = 1 f = 0 zc = 1 zm = 8 zs = 2 f = 0 zc = 9 zm = 8 zs = 3 f = 0 zc = 9 zm = 8 zs = 0 f = 5 zc = 9 zm = 8 zs = 1 f = 5 zc = 1 zm = 8 zs = 2 f = 5 zc = 9 zm = 8 zs = 3 f = 5 Selecting parameters: zc = 9 zm = 8 zs = 0 f = 0 IDAT size = 11328 Output IDAT size = 11328 bytes (1099 bytes decrease) Output file size = 11406 bytes (1891 bytes = 14.22% decrease) Quitting from lines 361-370 [import_sf_file] (o2geosocial.Rmd) Error: processing vignette 'o2geosocial.Rmd' failed with diagnostics: Cannot open "/tmp/RtmprsPgdV/working_dir/RtmpYZy7dJ"; The source could be corrupt or not supported. See `st_drivers()` for a list of supported formats. --- failed re-building ‘o2geosocial.Rmd’ SUMMARY: processing the following file failed: ‘o2geosocial.Rmd’ Error: Vignette re-building failed. Execution halted Flavor: r-devel-linux-x86_64-fedora-clang

Version: 1.1.3
Check: re-building of vignette outputs
Result: ERROR Error(s) in re-building vignettes: --- re-building ‘o2geosocial.Rmd’ using rmarkdown ** Processing: /data/gannet/ripley/R/packages/tests-devel/o2geosocial.Rcheck/vign_test/o2geosocial/vignettes/o2geosocial_files/figure-html/plot_ref-1.png 624x384 pixels, 8 bits/pixel, 256 colors in palette Reducing image to 8 bits/pixel, grayscale Input IDAT size = 5405 bytes Input file size = 6263 bytes Trying: zc = 9 zm = 8 zs = 0 f = 0 IDAT size = 4705 zc = 9 zm = 8 zs = 1 f = 0 zc = 1 zm = 8 zs = 2 f = 0 zc = 9 zm = 8 zs = 3 f = 0 zc = 9 zm = 8 zs = 0 f = 5 zc = 9 zm = 8 zs = 1 f = 5 zc = 1 zm = 8 zs = 2 f = 5 zc = 9 zm = 8 zs = 3 f = 5 Selecting parameters: zc = 9 zm = 8 zs = 0 f = 0 IDAT size = 4705 Output IDAT size = 4705 bytes (700 bytes decrease) Output file size = 4783 bytes (1480 bytes = 23.63% decrease) Warning in doTryCatch(return(expr), name, parentenv, handler) : zero-length arrow is of indeterminate angle and so skipped Warning in doTryCatch(return(expr), name, parentenv, handler) : zero-length arrow is of indeterminate angle and so skipped Warning in doTryCatch(return(expr), name, parentenv, handler) : zero-length arrow is of indeterminate angle and so skipped Warning in doTryCatch(return(expr), name, parentenv, handler) : zero-length arrow is of indeterminate angle and so skipped Warning in doTryCatch(return(expr), name, parentenv, handler) : zero-length arrow is of indeterminate angle and so skipped ** Processing: /data/gannet/ripley/R/packages/tests-devel/o2geosocial.Rcheck/vign_test/o2geosocial/vignettes/o2geosocial_files/figure-html/plot_first-1.png 624x384 pixels, 8 bits/pixel, 256 colors in palette Reducing image to 8 bits/pixel, grayscale Input IDAT size = 8330 bytes Input file size = 9200 bytes Trying: zc = 9 zm = 8 zs = 0 f = 0 IDAT size = 7545 zc = 9 zm = 8 zs = 1 f = 0 zc = 1 zm = 8 zs = 2 f = 0 zc = 9 zm = 8 zs = 3 f = 0 zc = 9 zm = 8 zs = 0 f = 5 zc = 9 zm = 8 zs = 1 f = 5 zc = 1 zm = 8 zs = 2 f = 5 zc = 9 zm = 8 zs = 3 f = 5 Selecting parameters: zc = 9 zm = 8 zs = 0 f = 0 IDAT size = 7545 Output IDAT size = 7545 bytes (785 bytes decrease) Output file size = 7623 bytes (1577 bytes = 17.14% decrease) ** Processing: /data/gannet/ripley/R/packages/tests-devel/o2geosocial.Rcheck/vign_test/o2geosocial/vignettes/o2geosocial_files/figure-html/plot index_infer-1.png 672x288 pixels, 8 bits/pixel, 256 colors in palette Reducing image to 8 bits/pixel, grayscale Input IDAT size = 11674 bytes Input file size = 12544 bytes Trying: zc = 9 zm = 8 zs = 0 f = 0 IDAT size = 10629 zc = 9 zm = 8 zs = 1 f = 0 zc = 1 zm = 8 zs = 2 f = 0 zc = 9 zm = 8 zs = 3 f = 0 zc = 9 zm = 8 zs = 0 f = 5 zc = 9 zm = 8 zs = 1 f = 5 zc = 1 zm = 8 zs = 2 f = 5 zc = 9 zm = 8 zs = 3 f = 5 Selecting parameters: zc = 9 zm = 8 zs = 0 f = 0 IDAT size = 10629 Output IDAT size = 10629 bytes (1045 bytes decrease) Output file size = 10707 bytes (1837 bytes = 14.64% decrease) Quitting from lines 361-370 [import_sf_file] (o2geosocial.Rmd) Error: processing vignette 'o2geosocial.Rmd' failed with diagnostics: Cannot open "/tmp/RtmpYFi201/working_dir/RtmpyUuU7V"; The source could be corrupt or not supported. See `st_drivers()` for a list of supported formats. --- failed re-building ‘o2geosocial.Rmd’ SUMMARY: processing the following file failed: ‘o2geosocial.Rmd’ Error: Vignette re-building failed. Execution halted Flavor: r-devel-linux-x86_64-fedora-gcc

Version: 1.1.3
Check: re-building of vignette outputs
Result: ERROR Error(s) in re-building vignettes: ... --- re-building ‘o2geosocial.Rmd’ using rmarkdown ** Processing: /home/hornik/tmp/R.check/r-patched-gcc/Work/PKGS/o2geosocial.Rcheck/vign_test/o2geosocial/vignettes/o2geosocial_files/figure-html/plot_ref-1.png 624x384 pixels, 8 bits/pixel, 256 colors in palette Reducing image to 8 bits/pixel, grayscale Input IDAT size = 5405 bytes Input file size = 6263 bytes Trying: zc = 9 zm = 8 zs = 0 f = 0 IDAT size = 4705 zc = 9 zm = 8 zs = 1 f = 0 zc = 1 zm = 8 zs = 2 f = 0 zc = 9 zm = 8 zs = 3 f = 0 zc = 9 zm = 8 zs = 0 f = 5 zc = 9 zm = 8 zs = 1 f = 5 zc = 1 zm = 8 zs = 2 f = 5 zc = 9 zm = 8 zs = 3 f = 5 Selecting parameters: zc = 9 zm = 8 zs = 0 f = 0 IDAT size = 4705 Output IDAT size = 4705 bytes (700 bytes decrease) Output file size = 4783 bytes (1480 bytes = 23.63% decrease) Warning in doTryCatch(return(expr), name, parentenv, handler) : zero-length arrow is of indeterminate angle and so skipped Warning in doTryCatch(return(expr), name, parentenv, handler) : zero-length arrow is of indeterminate angle and so skipped Warning in doTryCatch(return(expr), name, parentenv, handler) : zero-length arrow is of indeterminate angle and so skipped Warning in doTryCatch(return(expr), name, parentenv, handler) : zero-length arrow is of indeterminate angle and so skipped ** Processing: /home/hornik/tmp/R.check/r-patched-gcc/Work/PKGS/o2geosocial.Rcheck/vign_test/o2geosocial/vignettes/o2geosocial_files/figure-html/plot_first-1.png 624x384 pixels, 8 bits/pixel, 256 colors in palette Reducing image to 8 bits/pixel, grayscale Input IDAT size = 8502 bytes Input file size = 9372 bytes Trying: zc = 9 zm = 8 zs = 0 f = 0 IDAT size = 7657 zc = 9 zm = 8 zs = 1 f = 0 zc = 1 zm = 8 zs = 2 f = 0 zc = 9 zm = 8 zs = 3 f = 0 zc = 9 zm = 8 zs = 0 f = 5 zc = 9 zm = 8 zs = 1 f = 5 zc = 1 zm = 8 zs = 2 f = 5 zc = 9 zm = 8 zs = 3 f = 5 Selecting parameters: zc = 9 zm = 8 zs = 0 f = 0 IDAT size = 7657 Output IDAT size = 7657 bytes (845 bytes decrease) Output file size = 7735 bytes (1637 bytes = 17.47% decrease) ** Processing: /home/hornik/tmp/R.check/r-patched-gcc/Work/PKGS/o2geosocial.Rcheck/vign_test/o2geosocial/vignettes/o2geosocial_files/figure-html/plot index_infer-1.png 672x288 pixels, 8 bits/pixel, 256 colors in palette Reducing image to 8 bits/pixel, grayscale Input IDAT size = 11864 bytes Input file size = 12734 bytes Trying: zc = 9 zm = 8 zs = 0 f = 0 IDAT size = 10793 zc = 9 zm = 8 zs = 1 f = 0 zc = 1 zm = 8 zs = 2 f = 0 zc = 9 zm = 8 zs = 3 f = 0 zc = 9 zm = 8 zs = 0 f = 5 zc = 9 zm = 8 zs = 1 f = 5 zc = 1 zm = 8 zs = 2 f = 5 zc = 9 zm = 8 zs = 3 f = 5 Selecting parameters: zc = 9 zm = 8 zs = 0 f = 0 IDAT size = 10793 Output IDAT size = 10793 bytes (1071 bytes decrease) Output file size = 10871 bytes (1863 bytes = 14.63% decrease) Quitting from lines 361-370 [import_sf_file] (o2geosocial.Rmd) Error: processing vignette 'o2geosocial.Rmd' failed with diagnostics: Cannot open "/home/hornik/tmp/scratch/RtmpJtt575"; The source could be corrupt or not supported. See `st_drivers()` for a list of supported formats. --- failed re-building ‘o2geosocial.Rmd’ SUMMARY: processing the following file failed: ‘o2geosocial.Rmd’ Error: Vignette re-building failed. Execution halted Flavor: r-patched-linux-x86_64

Version: 1.1.3
Check: re-building of vignette outputs
Result: ERROR Error(s) in re-building vignettes: --- re-building 'o2geosocial.Rmd' using rmarkdown Warning in doTryCatch(return(expr), name, parentenv, handler) : zero-length arrow is of indeterminate angle and so skipped Warning in doTryCatch(return(expr), name, parentenv, handler) : zero-length arrow is of indeterminate angle and so skipped Warning in doTryCatch(return(expr), name, parentenv, handler) : zero-length arrow is of indeterminate angle and so skipped Quitting from lines 361-370 [import_sf_file] (o2geosocial.Rmd) Error: processing vignette 'o2geosocial.Rmd' failed with diagnostics: Cannot open "D:\temp\2025_02_04_01_50_00_21641\RtmpaMmAv8"; The source could be corrupt or not supported. See `st_drivers()` for a list of supported formats. --- failed re-building 'o2geosocial.Rmd' SUMMARY: processing the following file failed: 'o2geosocial.Rmd' Error: Vignette re-building failed. Execution halted Flavor: r-release-windows-x86_64

Version: 1.1.3
Check: re-building of vignette outputs
Result: ERROR Error(s) in re-building vignettes: --- re-building 'o2geosocial.Rmd' using rmarkdown Warning in doTryCatch(return(expr), name, parentenv, handler) : zero-length arrow is of indeterminate angle and so skipped Warning in doTryCatch(return(expr), name, parentenv, handler) : zero-length arrow is of indeterminate angle and so skipped Warning in doTryCatch(return(expr), name, parentenv, handler) : zero-length arrow is of indeterminate angle and so skipped Warning in doTryCatch(return(expr), name, parentenv, handler) : zero-length arrow is of indeterminate angle and so skipped Quitting from lines 361-370 [import_sf_file] (o2geosocial.Rmd) Error: processing vignette 'o2geosocial.Rmd' failed with diagnostics: Cannot open "D:\temp\2025_02_05_01_50_00_8875\Rtmpu4SQ6l"; The source could be corrupt or not supported. See `st_drivers()` for a list of supported formats. --- failed re-building 'o2geosocial.Rmd' SUMMARY: processing the following file failed: 'o2geosocial.Rmd' Error: Vignette re-building failed. Execution halted Flavor: r-oldrel-windows-x86_64