Last updated on 2024-07-27 03:49:35 CEST.
Flavor | Version | Tinstall | Tcheck | Ttotal | Status | Flags |
---|---|---|---|---|---|---|
r-devel-linux-x86_64-debian-clang | 2.8 | 39.81 | 98.21 | 138.02 | OK | |
r-devel-linux-x86_64-debian-gcc | 2.8 | 25.36 | 70.71 | 96.07 | OK | |
r-devel-linux-x86_64-fedora-clang | 2.8 | 167.27 | NOTE | |||
r-devel-linux-x86_64-fedora-gcc | 2.8 | 157.08 | OK | |||
r-devel-windows-x86_64 | 2.8 | 37.00 | 97.00 | 134.00 | OK | |
r-patched-linux-x86_64 | 2.8 | OK | ||||
r-release-linux-x86_64 | 2.8 | 28.50 | 93.76 | 122.26 | OK | |
r-release-macos-arm64 | 2.8 | 45.00 | OK | |||
r-release-macos-x86_64 | 2.8 | 83.00 | OK | |||
r-release-windows-x86_64 | 2.8 | 35.00 | 92.00 | 127.00 | OK | |
r-oldrel-macos-arm64 | 2.8 | 49.00 | OK | |||
r-oldrel-macos-x86_64 | 2.8 | 117.00 | OK | |||
r-oldrel-windows-x86_64 | 2.8 | 38.00 | 109.00 | 147.00 | OK |
Version: 2.8
Check: installed package size
Result: NOTE
installed size is 10.9Mb
sub-directories of 1Mb or more:
libs 10.0Mb
Flavor: r-devel-linux-x86_64-fedora-clang