Last updated on 2025-02-06 05:49:17 CET.
Flavor | Version | Tinstall | Tcheck | Ttotal | Status | Flags |
---|---|---|---|---|---|---|
r-devel-linux-x86_64-debian-clang | 1.21 | 16.35 | 71.91 | 88.26 | NOTE | |
r-devel-linux-x86_64-debian-gcc | 1.21 | 11.91 | 52.12 | 64.03 | NOTE | |
r-devel-linux-x86_64-fedora-clang | 1.21 | 155.77 | OK | |||
r-devel-linux-x86_64-fedora-gcc | 1.21 | 137.95 | OK | |||
r-devel-windows-x86_64 | 1.21 | 19.00 | 107.00 | 126.00 | NOTE | |
r-patched-linux-x86_64 | 1.21 | 20.01 | 67.20 | 87.21 | OK | |
r-release-linux-x86_64 | 1.21 | 15.81 | 67.14 | 82.95 | OK | |
r-release-macos-arm64 | 1.21 | 45.00 | OK | |||
r-release-macos-x86_64 | 1.21 | 72.00 | OK | |||
r-release-windows-x86_64 | 1.21 | 21.00 | 96.00 | 117.00 | OK | |
r-oldrel-macos-arm64 | 1.21 | 50.00 | OK | |||
r-oldrel-macos-x86_64 | 1.21 | 68.00 | OK | |||
r-oldrel-windows-x86_64 | 1.21 | 26.00 | 117.00 | 143.00 | OK |
Version: 1.21
Check: Rd cross-references
Result: NOTE
Found the following Rd file(s) with Rd \link{} targets missing package
anchors:
nse.andrews.Rd: sandwich
nse.boot.Rd: np
nse.geyer.Rd: mcmc, mcmcse
nse.hiruk.Rd: sandwich
nse.nw.Rd: sandwich
Please provide package anchors for all Rd \link{} targets not in the
package itself and the base packages.
Flavors: r-devel-linux-x86_64-debian-clang, r-devel-linux-x86_64-debian-gcc, r-devel-windows-x86_64