Last updated on 2024-05-02 04:00:28 CEST.
Flavor | Version | Tinstall | Tcheck | Ttotal | Status | Flags |
---|---|---|---|---|---|---|
r-devel-linux-x86_64-debian-clang | 2.1.5 | 10.05 | 134.02 | 144.07 | NOTE | |
r-devel-linux-x86_64-debian-gcc | 2.1.5 | 6.50 | 92.78 | 99.28 | NOTE | |
r-devel-linux-x86_64-fedora-clang | 2.1.5 | 179.72 | NOTE | |||
r-devel-linux-x86_64-fedora-gcc | 2.1.5 | 187.80 | NOTE | |||
r-devel-windows-x86_64 | 2.1.5 | 8.00 | 126.00 | 134.00 | NOTE | |
r-patched-linux-x86_64 | 2.1.5 | 8.72 | 136.33 | 145.05 | NOTE | |
r-release-linux-x86_64 | 2.1.5 | 7.50 | 135.96 | 143.46 | NOTE | |
r-release-macos-arm64 | 2.1.5 | 54.00 | NOTE | |||
r-release-windows-x86_64 | 2.1.5 | 13.00 | 126.00 | 139.00 | NOTE | |
r-oldrel-macos-arm64 | 2.1.5 | 59.00 | NOTE | |||
r-oldrel-macos-x86_64 | 2.1.5 | 92.00 | NOTE | |||
r-oldrel-windows-x86_64 | 2.1.5 | 11.00 | 136.00 | 147.00 | NOTE |
Version: 2.1.5
Check: LazyData
Result: NOTE
'LazyData' is specified without a 'data' directory
Flavors: r-devel-linux-x86_64-debian-clang, r-devel-linux-x86_64-debian-gcc, r-devel-linux-x86_64-fedora-clang, r-devel-linux-x86_64-fedora-gcc, r-devel-windows-x86_64, r-patched-linux-x86_64, r-release-linux-x86_64, r-release-macos-arm64, r-release-windows-x86_64, r-oldrel-macos-arm64, r-oldrel-macos-x86_64, r-oldrel-windows-x86_64