Last updated on 2024-05-02 04:00:27 CEST.
Flavor | Version | Tinstall | Tcheck | Ttotal | Status | Flags |
---|---|---|---|---|---|---|
r-devel-linux-x86_64-debian-clang | 0.2.0 | 6.58 | 71.56 | 78.14 | OK | |
r-devel-linux-x86_64-debian-gcc | 0.2.0 | 3.84 | 53.60 | 57.44 | OK | |
r-devel-linux-x86_64-fedora-clang | 0.2.0 | 99.78 | NOTE | |||
r-devel-linux-x86_64-fedora-gcc | 0.2.0 | 101.96 | OK | |||
r-devel-windows-x86_64 | 0.2.0 | 6.00 | 77.00 | 83.00 | OK | |
r-patched-linux-x86_64 | 0.2.0 | 9.10 | 69.43 | 78.53 | OK | |
r-release-linux-x86_64 | 0.2.0 | 3.51 | 69.95 | 73.46 | OK | |
r-release-macos-arm64 | 0.2.0 | 36.00 | OK | |||
r-release-windows-x86_64 | 0.2.0 | 7.00 | 77.00 | 84.00 | OK | |
r-oldrel-macos-arm64 | 0.2.0 | 123.00 | OK | |||
r-oldrel-macos-x86_64 | 0.2.0 | 58.00 | OK | |||
r-oldrel-windows-x86_64 | 0.2.0 | 7.00 | 88.00 | 95.00 | OK |
Version: 0.2.0
Check: Rd cross-references
Result: NOTE
Undeclared package ‘tidyselect’ in Rd xrefs
Flavor: r-devel-linux-x86_64-fedora-clang