Last updated on 2024-07-27 03:49:35 CEST.
Flavor | Version | Tinstall | Tcheck | Ttotal | Status | Flags |
---|---|---|---|---|---|---|
r-devel-linux-x86_64-debian-clang | 1.2 | 1.56 | 17.08 | 18.64 | OK | |
r-devel-linux-x86_64-debian-gcc | 1.2 | 1.24 | 13.00 | 14.24 | OK | |
r-devel-linux-x86_64-fedora-clang | 1.2 | 23.69 | NOTE | |||
r-devel-linux-x86_64-fedora-gcc | 1.2 | 22.99 | NOTE | |||
r-devel-windows-x86_64 | 1.2 | 2.00 | 34.00 | 36.00 | OK | |
r-patched-linux-x86_64 | 1.2 | OK | ||||
r-release-linux-x86_64 | 1.2 | 1.40 | 16.31 | 17.71 | OK | |
r-release-macos-arm64 | 1.2 | 12.00 | OK | |||
r-release-macos-x86_64 | 1.2 | 16.00 | OK | |||
r-release-windows-x86_64 | 1.2 | 2.00 | 33.00 | 35.00 | OK | |
r-oldrel-macos-arm64 | 1.2 | 15.00 | OK | |||
r-oldrel-macos-x86_64 | 1.2 | 16.00 | OK | |||
r-oldrel-windows-x86_64 | 1.2 | 2.00 | 31.00 | 33.00 | OK |
Version: 1.2
Check: data for non-ASCII characters
Result: NOTE
Note: found 3 marked UTF-8 strings
Flavors: r-devel-linux-x86_64-fedora-clang, r-devel-linux-x86_64-fedora-gcc