Last updated on 2024-05-02 04:00:27 CEST.
Flavor | Version | Tinstall | Tcheck | Ttotal | Status | Flags |
---|---|---|---|---|---|---|
r-devel-linux-x86_64-debian-clang | 1.0.1 | 66.37 | 37.34 | 103.71 | NOTE | |
r-devel-linux-x86_64-debian-gcc | 1.0.1 | 48.91 | 26.68 | 75.59 | NOTE | |
r-devel-linux-x86_64-fedora-clang | 1.0.1 | 128.60 | NOTE | |||
r-devel-linux-x86_64-fedora-gcc | 1.0.1 | 132.55 | NOTE | |||
r-devel-windows-x86_64 | 1.0.1 | 38.00 | 66.00 | 104.00 | NOTE | |
r-patched-linux-x86_64 | 1.0.1 | 58.63 | 34.33 | 92.96 | NOTE | |
r-release-linux-x86_64 | 1.0.1 | 56.35 | 34.27 | 90.62 | NOTE | |
r-release-macos-arm64 | 1.0.1 | 33.00 | NOTE | |||
r-release-windows-x86_64 | 1.0.1 | 43.00 | 71.00 | 114.00 | NOTE | |
r-oldrel-macos-arm64 | 1.0.1 | 36.00 | NOTE | |||
r-oldrel-macos-x86_64 | 1.0.1 | 71.00 | NOTE | |||
r-oldrel-windows-x86_64 | 1.0.1 | 54.00 | 76.00 | 130.00 | NOTE |
Version: 1.0.1
Check: C++ specification
Result: NOTE
Specified C++11: please drop specification unless essential
Flavors: r-devel-linux-x86_64-debian-clang, r-devel-linux-x86_64-debian-gcc, r-devel-linux-x86_64-fedora-clang, r-devel-linux-x86_64-fedora-gcc, r-devel-windows-x86_64, r-patched-linux-x86_64, r-release-linux-x86_64, r-release-macos-arm64, r-release-windows-x86_64, r-oldrel-macos-arm64, r-oldrel-macos-x86_64, r-oldrel-windows-x86_64
Version: 1.0.1
Check: installed package size
Result: NOTE
installed size is 5.5Mb
sub-directories of 1Mb or more:
libs 5.4Mb
Flavors: r-release-macos-arm64, r-oldrel-macos-arm64, r-oldrel-macos-x86_64