Last updated on 2025-02-20 04:51:21 CET.
Flavor | Version | Tinstall | Tcheck | Ttotal | Status | Flags |
---|---|---|---|---|---|---|
r-devel-linux-x86_64-debian-clang | 0.9.0 | 4.99 | 37.84 | 42.83 | OK | |
r-devel-linux-x86_64-debian-gcc | 0.9.0 | 3.56 | 27.19 | 30.75 | OK | |
r-devel-linux-x86_64-fedora-clang | 0.9.0 | 65.14 | OK | |||
r-devel-linux-x86_64-fedora-gcc | 0.9.0 | 61.02 | OK | |||
r-devel-macos-arm64 | 0.9.0 | 23.00 | OK | |||
r-devel-macos-x86_64 | 0.9.0 | 39.00 | OK | |||
r-devel-windows-x86_64 | 0.9.0 | 6.00 | 67.00 | 73.00 | OK | |
r-patched-linux-x86_64 | 0.9.0 | 4.32 | 34.40 | 38.72 | NOTE | |
r-release-linux-x86_64 | 0.9.0 | 4.42 | 34.46 | 38.88 | NOTE | |
r-release-macos-arm64 | 0.9.0 | 22.00 | NOTE | |||
r-release-macos-x86_64 | 0.9.0 | 34.00 | NOTE | |||
r-release-windows-x86_64 | 0.9.0 | 5.00 | 59.00 | 64.00 | NOTE | |
r-oldrel-macos-arm64 | 0.9.0 | 23.00 | NOTE | |||
r-oldrel-macos-x86_64 | 0.9.0 | 31.00 | NOTE | |||
r-oldrel-windows-x86_64 | 0.9.0 | 7.00 | 60.00 | 67.00 | NOTE |
Version: 0.9.0
Check: LazyData
Result: NOTE
'LazyData' is specified without a 'data' directory
Flavors: r-patched-linux-x86_64, r-release-linux-x86_64, r-release-macos-arm64, r-release-macos-x86_64, r-release-windows-x86_64, r-oldrel-macos-arm64, r-oldrel-macos-x86_64, r-oldrel-windows-x86_64