Last updated on 2024-05-02 04:00:27 CEST.
Flavor | Version | Tinstall | Tcheck | Ttotal | Status | Flags |
---|---|---|---|---|---|---|
r-devel-linux-x86_64-debian-clang | 1.0.5 | 10.05 | 86.19 | 96.24 | NOTE | |
r-devel-linux-x86_64-debian-gcc | 1.0.5 | 7.74 | 65.10 | 72.84 | NOTE | |
r-devel-linux-x86_64-fedora-clang | 1.0.5 | 115.46 | NOTE | |||
r-devel-linux-x86_64-fedora-gcc | 1.0.5 | 114.62 | NOTE | |||
r-devel-windows-x86_64 | 1.0.5 | 8.00 | 80.00 | 88.00 | NOTE | |
r-patched-linux-x86_64 | 1.0.5 | 9.11 | 82.87 | 91.98 | NOTE | |
r-release-linux-x86_64 | 1.0.5 | 9.94 | 82.60 | 92.54 | NOTE | |
r-release-macos-arm64 | 1.0.5 | 39.00 | NOTE | |||
r-release-windows-x86_64 | 1.0.5 | 14.00 | 82.00 | 96.00 | NOTE | |
r-oldrel-macos-arm64 | 1.0.5 | 41.00 | OK | |||
r-oldrel-macos-x86_64 | 1.0.5 | 66.00 | OK | |||
r-oldrel-windows-x86_64 | 1.0.5 | 10.00 | 95.00 | 105.00 | OK |
Version: 1.0.5
Check: Rd files
Result: NOTE
checkRd: (-1) DSIVdata.Rd:15-23: Lost braces
15 | for(i in 1:50){
| ^
checkRd: (-1) DSIVdata.Rd:17-21: Lost braces
17 | for(j in 1:50){
| ^
checkRd: (-1) DSIVdata.Rd:31-39: Lost braces
31 | for(i in 1:20){
| ^
checkRd: (-1) DSIVdata.Rd:33-37: Lost braces
33 | for(j in 1:20){
| ^
checkRd: (-1) DSLIVEdata.Rd:10-18: Lost braces
10 | for(i in 1:200){
| ^
checkRd: (-1) DSLIVEdata.Rd:12-16: Lost braces
12 | for(j in 1:200){
| ^
checkRd: (-1) DSLIVEdata.Rd:26-34: Lost braces
26 | for(i in 1:20){
| ^
checkRd: (-1) DSLIVEdata.Rd:28-32: Lost braces
28 | for(j in 1:20){
| ^
checkRd: (-1) DSLIVEdata.Rd:50-54: Lost braces
50 | for(kk in 1:length(p)){
| ^
Flavors: r-devel-linux-x86_64-debian-clang, r-devel-linux-x86_64-debian-gcc, r-devel-linux-x86_64-fedora-clang, r-devel-linux-x86_64-fedora-gcc, r-devel-windows-x86_64, r-patched-linux-x86_64, r-release-linux-x86_64, r-release-macos-arm64, r-release-windows-x86_64