CRAN Package Check Results for Package mrds

Last updated on 2025-07-03 04:51:02 CEST.

Flavor Version Tinstall Tcheck Ttotal Status Flags
r-devel-linux-x86_64-debian-clang 3.0.0 18.11 126.62 144.73 NOTE
r-devel-linux-x86_64-debian-gcc 3.0.0 12.04 86.58 98.62 NOTE
r-devel-linux-x86_64-fedora-clang 3.0.0 225.71 NOTE
r-devel-linux-x86_64-fedora-gcc 3.0.0 229.93 NOTE
r-devel-windows-x86_64 3.0.0 21.00 138.00 159.00 NOTE
r-patched-linux-x86_64 3.0.0 22.87 119.03 141.90 NOTE
r-release-linux-x86_64 3.0.0 15.24 118.41 133.65 NOTE
r-release-macos-arm64 3.0.0 55.00 NOTE
r-release-macos-x86_64 3.0.0 114.00 NOTE
r-release-windows-x86_64 3.0.0 20.00 143.00 163.00 NOTE
r-oldrel-macos-arm64 3.0.0 57.00 OK
r-oldrel-macos-x86_64 3.0.0 118.00 OK
r-oldrel-windows-x86_64 3.0.0 27.00 178.00 205.00 OK

Check Details

Version: 3.0.0
Check: DESCRIPTION meta-information
Result: NOTE Missing dependency on R >= 4.1.0 because package code uses the pipe |> or function shorthand \(...) syntax added in R 4.1.0. File(s) using such syntax: ‘detfct.fit.opt.R’ Flavors: r-devel-linux-x86_64-debian-clang, r-devel-linux-x86_64-debian-gcc, r-devel-linux-x86_64-fedora-clang, r-devel-linux-x86_64-fedora-gcc, r-devel-windows-x86_64, r-patched-linux-x86_64, r-release-linux-x86_64, r-release-macos-arm64, r-release-macos-x86_64, r-release-windows-x86_64