Last updated on 2025-07-27 05:48:36 CEST.
Flavor | Version | Tinstall | Tcheck | Ttotal | Status | Flags |
---|---|---|---|---|---|---|
r-devel-linux-x86_64-debian-clang | 0.0.1.0 | 10.45 | 111.54 | 121.99 | NOTE | |
r-devel-linux-x86_64-debian-gcc | 0.0.1.0 | 8.09 | 81.49 | 89.58 | NOTE | |
r-devel-linux-x86_64-fedora-clang | 0.0.1.0 | 199.21 | OK | |||
r-devel-linux-x86_64-fedora-gcc | 0.0.1.0 | 182.01 | OK | |||
r-devel-windows-x86_64 | 0.0.1.0 | 13.00 | 131.00 | 144.00 | OK | |
r-patched-linux-x86_64 | 0.0.1.0 | 9.80 | 105.45 | 115.25 | OK | |
r-release-linux-x86_64 | 0.0.1.0 | 10.52 | 106.33 | 116.85 | OK | |
r-release-macos-arm64 | 0.0.1.0 | 66.00 | OK | |||
r-release-macos-x86_64 | 0.0.1.0 | 129.00 | OK | |||
r-release-windows-x86_64 | 0.0.1.0 | 12.00 | 116.00 | 128.00 | OK | |
r-oldrel-macos-arm64 | 0.0.1.0 | 65.00 | OK | |||
r-oldrel-macos-x86_64 | 0.0.1.0 | 93.00 | OK | |||
r-oldrel-windows-x86_64 | 0.0.1.0 | 16.00 | 150.00 | 166.00 | OK |
Version: 0.0.1.0
Check: CRAN incoming feasibility
Result: NOTE
Maintainer: ‘Jeremy Oguamalam <jeremy.oguamalam@tuwien.ac.at>’
The Description field contains
implementation of Oguamalam et al. (2023) <arXiv:2307.13509>.
Please refer to arXiv e-prints via their arXiv DOI <doi:10.48550/arXiv.YYMM.NNNNN>.
Flavors: r-devel-linux-x86_64-debian-clang, r-devel-linux-x86_64-debian-gcc