Last updated on 2025-05-16 05:49:13 CEST.
Flavor | Version | Tinstall | Tcheck | Ttotal | Status | Flags |
---|---|---|---|---|---|---|
r-devel-linux-x86_64-debian-clang | 4.0.0 | 61.16 | 33.82 | 94.98 | OK | |
r-devel-linux-x86_64-debian-gcc | 4.0.0 | 42.20 | 25.17 | 67.37 | OK | |
r-devel-linux-x86_64-fedora-clang | 4.0.0 | 163.67 | OK | |||
r-devel-linux-x86_64-fedora-gcc | 4.0.0 | 184.99 | OK | |||
r-devel-windows-x86_64 | 4.0.0 | 347.00 | 119.00 | 466.00 | OK | |
r-patched-linux-x86_64 | 4.0.0 | 59.00 | 32.02 | 91.02 | OK | |
r-release-linux-x86_64 | 4.0.0 | 60.62 | 32.36 | 92.98 | OK | |
r-release-macos-arm64 | 4.0.0 | 56.00 | OK | |||
r-release-macos-x86_64 | 4.0.0 | 75.00 | OK | |||
r-release-windows-x86_64 | 4.0.0 | 352.00 | 106.00 | 458.00 | ERROR | |
r-oldrel-macos-arm64 | 4.0.0 | 58.00 | OK | |||
r-oldrel-macos-x86_64 | 4.0.0 | 98.00 | OK | |||
r-oldrel-windows-x86_64 | 4.0.0 | 396.00 | 147.00 | 543.00 | NOTE |
Version: 4.0.0
Check: examples
Result: ERROR
Running examples in 'mongolite-Ex.R' failed
The error most likely occurred in:
> ### Name: gridfs
> ### Title: GridFS API
> ### Aliases: gridfs
>
> ### ** Examples
>
> # Upload a file to GridFS
> fs <- gridfs(url = "mongodb+srv://readwrite:test@cluster0-84vdt.mongodb.net/test")
Error: No suitable servers found (`serverSelectionTryOnce` set): [socket timeout calling hello on 'cluster0-shard-00-01-84vdt.mongodb.net:27017'] [socket timeout calling hello on 'cluster0-shard-00-00-84vdt.mongodb.net:27017'] [socket timeout calling hello on 'cluster0-shard-00-02-84vdt.mongodb.net:27017']. Topology type: Unknown
Execution halted
Flavor: r-release-windows-x86_64
Version: 4.0.0
Check: installed package size
Result: NOTE
installed size is 6.7Mb
sub-directories of 1Mb or more:
libs 6.6Mb
Flavor: r-oldrel-windows-x86_64