Last updated on 2025-05-09 04:52:02 CEST.
Flavor | Version | Tinstall | Tcheck | Ttotal | Status | Flags |
---|---|---|---|---|---|---|
r-devel-linux-x86_64-debian-clang | 0.1.2 | 4.73 | 51.35 | 56.08 | NOTE | |
r-devel-linux-x86_64-debian-gcc | 0.1.2 | 3.24 | 37.11 | 40.35 | NOTE | |
r-devel-linux-x86_64-fedora-clang | 0.1.2 | 85.57 | OK | |||
r-devel-linux-x86_64-fedora-gcc | 0.1.2 | 97.32 | OK | |||
r-devel-windows-x86_64 | 0.1.2 | 7.00 | 71.00 | 78.00 | NOTE | |
r-patched-linux-x86_64 | 0.1.2 | 5.23 | 47.11 | 52.34 | NOTE | |
r-release-linux-x86_64 | 0.1.2 | 3.50 | 46.95 | 50.45 | NOTE | |
r-release-macos-arm64 | 0.1.2 | 63.00 | OK | |||
r-release-macos-x86_64 | 0.1.2 | 72.00 | OK | |||
r-release-windows-x86_64 | 0.1.2 | 6.00 | 70.00 | 76.00 | NOTE | |
r-oldrel-macos-arm64 | 0.1.2 | 32.00 | OK | |||
r-oldrel-macos-x86_64 | 0.1.2 | 59.00 | OK | |||
r-oldrel-windows-x86_64 | 0.1.2 | 5.00 | 83.00 | 88.00 | OK |
Version: 0.1.2
Check: Rd cross-references
Result: NOTE
Found the following Rd file(s) with Rd \link{} targets missing package
anchors:
lival.Rd: survey
Please provide package anchors for all Rd \link{} targets not in the
package itself and the base packages.
Flavors: r-devel-linux-x86_64-debian-clang, r-devel-linux-x86_64-debian-gcc, r-devel-windows-x86_64, r-patched-linux-x86_64, r-release-linux-x86_64, r-release-windows-x86_64