Last updated on 2025-10-13 05:49:56 CEST.
Flavor | Version | Tinstall | Tcheck | Ttotal | Status | Flags |
---|---|---|---|---|---|---|
r-devel-linux-x86_64-debian-clang | 1.0.4 | 52.26 | 85.01 | 137.27 | WARN | |
r-devel-linux-x86_64-debian-gcc | 1.0.5 | 34.28 | 64.76 | 99.04 | OK | |
r-devel-linux-x86_64-fedora-clang | 1.0.5 | 237.26 | OK | |||
r-devel-linux-x86_64-fedora-gcc | 1.0.5 | 239.67 | OK | |||
r-devel-windows-x86_64 | 1.0.4 | 66.00 | 111.00 | 177.00 | NOTE | |
r-patched-linux-x86_64 | 1.0.4 | 59.31 | 81.15 | 140.46 | NOTE | |
r-release-linux-x86_64 | 1.0.4 | 55.38 | 81.08 | 136.46 | NOTE | |
r-release-macos-arm64 | 1.0.5 | 70.00 | OK | |||
r-release-macos-x86_64 | 1.0.5 | 119.00 | OK | |||
r-release-windows-x86_64 | 1.0.4 | 67.00 | 115.00 | 182.00 | NOTE | |
r-oldrel-macos-arm64 | 1.0.5 | 72.00 | OK | |||
r-oldrel-macos-x86_64 | 1.0.5 | 112.00 | OK | |||
r-oldrel-windows-x86_64 | 1.0.4 | 79.00 | 145.00 | 224.00 | NOTE |
Version: 1.0.4
Check: CRAN incoming feasibility
Result: NOTE
Maintainer: ‘Shana Scogin <shanarscogin@gmail.com>’
No Authors@R field in DESCRIPTION.
Please add one, modifying
Authors@R: c(person(given = "Shana",
family = "Scogin",
role = c("aut", "cre"),
email = "shanarscogin@gmail.com"),
person(given = "Sarah",
family = "Petersen",
role = "aut",
email = "sarahllpetersen@gmail.com"),
person(given = "Jeff",
family = "Harden",
role = "aut",
email = "jeff.harden@nd.edu"),
person(given = c("Bruce", "A."),
family = "Desmarais",
role = "aut",
email = "bdesmarais@psu.edu"))
as necessary.
Flavor: r-devel-linux-x86_64-debian-clang
Version: 1.0.4
Check: whether package can be installed
Result: WARN
Found the following significant warnings:
/home/hornik/tmp/R.check/r-devel-clang/Work/build/Packages/RcppArmadillo/include/RcppArmadillo/version/arma.h:66:17: warning: Using fallback compilation with Armadillo 14.6.3. Please consider defining -DARMA_USE_CURRENT and also removing C++11 compilation directive. See GitHub issue #475 for more. [-W#pragma-messages]
See ‘/home/hornik/tmp/R.check/r-devel-clang/Work/PKGS/modeLLtest.Rcheck/00install.out’ for details.
* used C++ compiler: ‘Debian clang version 19.1.7 (7)’
Flavor: r-devel-linux-x86_64-debian-clang
Version: 1.0.4
Check: C++ specification
Result: NOTE
Specified C++11: please drop specification unless essential
Flavors: r-devel-linux-x86_64-debian-clang, r-devel-windows-x86_64, r-patched-linux-x86_64, r-release-linux-x86_64, r-release-windows-x86_64, r-oldrel-windows-x86_64