Last updated on 2025-05-16 05:49:13 CEST.
Flavor | Version | Tinstall | Tcheck | Ttotal | Status | Flags |
---|---|---|---|---|---|---|
r-devel-linux-x86_64-debian-clang | 0.2.1 | 11.50 | 98.04 | 109.54 | OK | |
r-devel-linux-x86_64-debian-gcc | 0.2.1 | 8.44 | 73.43 | 81.87 | OK | |
r-devel-linux-x86_64-fedora-clang | 0.2.1 | 170.36 | OK | |||
r-devel-linux-x86_64-fedora-gcc | 0.2.1 | 179.33 | OK | |||
r-devel-windows-x86_64 | 0.2.1 | 11.00 | 126.00 | 137.00 | OK | |
r-patched-linux-x86_64 | 0.2.1 | 10.63 | 93.84 | 104.47 | OK | |
r-release-linux-x86_64 | 0.2.1 | 9.17 | 92.03 | 101.20 | OK | |
r-release-macos-arm64 | 0.2.1 | 103.00 | OK | |||
r-release-macos-x86_64 | 0.2.1 | 316.00 | OK | |||
r-release-windows-x86_64 | 0.2.1 | 11.00 | 250.00 | 261.00 | ERROR | |
r-oldrel-macos-arm64 | 0.2.1 | 91.00 | OK | |||
r-oldrel-macos-x86_64 | 0.2.1 | 162.00 | OK | |||
r-oldrel-windows-x86_64 | 0.2.1 | 15.00 | 164.00 | 179.00 | OK |
Version: 0.2.1
Check: examples
Result: ERROR
Running examples in 'mmstat4-Ex.R' failed
The error most likely occurred in:
> ### Name: ghpath
> ### Title: ghpath
> ### Aliases: ghpath
>
> ### ** Examples
>
> ghget("dummy")
https://github.com/sigbertklinke/mmstat4.dummy/archive/refs/heads/main.zip
dummy
https://github.com/dummy/archive/refs/heads/main.zip
https://github.com/dummy/archive/refs/heads/master.zip
Error in ghget("dummy") :
None of the previously displayed possible ZIP files were found!
Execution halted
Flavor: r-release-windows-x86_64
Version: 0.2.1
Check: re-building of vignette outputs
Result: ERROR
Error(s) in re-building vignettes:
--- re-building 'mmstat4.Rmd' using rmarkdown
Quitting from mmstat4.Rmd:140-144 [unnamed-chunk-14]
~~~~~~~~~~~~~~~~~~~~~~~~~~~~~~~~~~~~~~~~~~~~~~~~~~~~~~~~~~~~~~~~~~~~~~~~~~~~~~~~
<error/rlang_error>
Error in `ghget()`:
! None of the previously displayed possible ZIP files were found!
---
Backtrace:
▆
1. └─mmstat4::ghget("dummy")
~~~~~~~~~~~~~~~~~~~~~~~~~~~~~~~~~~~~~~~~~~~~~~~~~~~~~~~~~~~~~~~~~~~~~~~~~~~~~~~~
Error: processing vignette 'mmstat4.Rmd' failed with diagnostics:
None of the previously displayed possible ZIP files were found!
--- failed re-building 'mmstat4.Rmd'
SUMMARY: processing the following file failed:
'mmstat4.Rmd'
Error: Vignette re-building failed.
Execution halted
Flavor: r-release-windows-x86_64