Last updated on 2024-05-02 04:00:26 CEST.
Flavor | Version | Tinstall | Tcheck | Ttotal | Status | Flags |
---|---|---|---|---|---|---|
r-devel-linux-x86_64-debian-clang | 1.1-7 | 11.00 | 161.14 | 172.14 | NOTE | |
r-devel-linux-x86_64-debian-gcc | 1.1-8 | 10.29 | 243.32 | 253.61 | OK | |
r-devel-linux-x86_64-fedora-clang | 1.1-8 | 408.44 | OK | |||
r-devel-linux-x86_64-fedora-gcc | 1.1-8 | 414.42 | OK | |||
r-devel-windows-x86_64 | 1.1-8 | 11.00 | 280.00 | 291.00 | OK | |
r-patched-linux-x86_64 | 1.1-7 | 7.92 | 153.16 | 161.08 | NOTE | |
r-release-linux-x86_64 | 1.1-7 | 7.86 | 147.05 | 154.91 | NOTE | |
r-release-macos-arm64 | 1.1-8 | 151.00 | OK | |||
r-release-macos-x86_64 | 1.1-8 | 336.00 | OK | |||
r-release-windows-x86_64 | 1.1-8 | 13.00 | 264.00 | 277.00 | OK | |
r-oldrel-macos-arm64 | 1.1-8 | 156.00 | OK | |||
r-oldrel-macos-x86_64 | 1.1-8 | 346.00 | OK | |||
r-oldrel-windows-x86_64 | 1.1-8 | 17.00 | 280.00 | 297.00 | OK |
Version: 1.1-7
Check: package dependencies
Result: NOTE
Package suggested but not available for checking: ‘bshazard’
Flavors: r-devel-linux-x86_64-debian-clang, r-patched-linux-x86_64, r-release-linux-x86_64
Version: 1.1-7
Check: re-building of vignette outputs
Result: NOTE
Note: skipping ‘mlt.Rnw’ due to unavailable dependencies: 'bshazard'
Flavors: r-devel-linux-x86_64-debian-clang, r-patched-linux-x86_64, r-release-linux-x86_64