CRAN Package Check Results for Package mlr3shiny

Last updated on 2025-07-21 05:51:05 CEST.

Flavor Version Tinstall Tcheck Ttotal Status Flags
r-devel-linux-x86_64-debian-clang 0.5.0 2.10 20.47 22.57 OK
r-devel-linux-x86_64-debian-gcc 0.5.0 1.26 17.53 18.79 OK
r-devel-linux-x86_64-fedora-clang 0.5.0 33.94 NOTE
r-devel-linux-x86_64-fedora-gcc 0.5.0 31.85 NOTE
r-devel-windows-x86_64 0.5.0 5.00 40.00 45.00 OK
r-patched-linux-x86_64 0.5.0 1.90 18.87 20.77 OK
r-release-linux-x86_64 0.5.0 1.93 18.65 20.58 OK
r-release-macos-arm64 0.5.0 17.00 OK
r-release-macos-x86_64 0.5.0 25.00 OK
r-release-windows-x86_64 0.5.0 6.00 40.00 46.00 OK
r-oldrel-macos-arm64 0.5.0 23.00 OK
r-oldrel-macos-x86_64 0.5.0 29.00 OK
r-oldrel-windows-x86_64 0.5.0 5.00 47.00 52.00 OK

Check Details

Version: 0.5.0
Check: dependencies in R code
Result: NOTE Namespaces in Imports field not imported from: ‘DT’ ‘GGally’ ‘Metrics’ ‘data.table’ ‘dplyr’ ‘ggparty’ ‘mlr3’ ‘mlr3learners’ ‘mlr3measures’ ‘mlr3pipelines’ ‘mlr3viz’ ‘patchwork’ ‘plyr’ ‘purrr’ ‘shinyWidgets’ ‘shinyalert’ ‘shinydashboard’ ‘shinyjs’ ‘stats’ ‘stringr’ All declared Imports should be used. Flavors: r-devel-linux-x86_64-fedora-clang, r-devel-linux-x86_64-fedora-gcc