Last updated on 2024-05-02 04:00:25 CEST.
Flavor | Version | Tinstall | Tcheck | Ttotal | Status | Flags |
---|---|---|---|---|---|---|
r-devel-linux-x86_64-debian-clang | 0.5.2 | 35.83 | 670.21 | 706.04 | OK | |
r-devel-linux-x86_64-debian-gcc | 0.5.2 | 28.54 | 463.71 | 492.25 | OK | |
r-devel-linux-x86_64-fedora-clang | 0.5.2 | 817.37 | OK | |||
r-devel-linux-x86_64-fedora-gcc | 0.5.2 | 794.91 | OK | |||
r-devel-windows-x86_64 | 0.5.2 | 30.00 | 378.00 | 408.00 | OK | |
r-patched-linux-x86_64 | 0.5.2 | 47.07 | 695.16 | 742.23 | ERROR | |
r-release-linux-x86_64 | 0.5.2 | 27.57 | 616.81 | 644.38 | OK | |
r-release-macos-arm64 | 0.5.2 | 192.00 | OK | |||
r-release-macos-x86_64 | 0.5.2 | 437.00 | OK | |||
r-release-windows-x86_64 | 0.5.2 | 28.00 | 377.00 | 405.00 | OK | |
r-oldrel-macos-arm64 | 0.5.2 | 179.00 | OK | |||
r-oldrel-macos-x86_64 | 0.5.2 | 370.00 | OK | |||
r-oldrel-windows-x86_64 | 0.5.2 | 39.00 | 535.00 | 574.00 | OK |
Version: 0.5.2
Check: tests
Result: ERROR
Running ‘testthat.R’ [420s/300s]
Running the tests in ‘tests/testthat.R’ failed.
Complete output:
> if (requireNamespace("testthat", quietly = TRUE)) {
+ library("checkmate")
+ library("testthat")
+ library("mlr3")
+ library("paradox")
+ library("mlr3pipelines")
+ test_check("mlr3pipelines")
+ }
Starting 2 test processes
[ FAIL 1 | WARN 0 | SKIP 80 | PASS 13108 ]
══ Skipped tests (80) ══════════════════════════════════════════════════════════
• On CRAN (76): 'test_Graph.R:279:3', 'test_dictionary.R:7:3',
'test_GraphLearner.R:5:3', 'test_GraphLearner.R:180:3',
'test_GraphLearner.R:249:3', 'test_GraphLearner.R:314:3',
'test_learner_weightedaverage.R:5:3', 'test_learner_weightedaverage.R:57:3',
'test_learner_weightedaverage.R:105:3',
'test_learner_weightedaverage.R:152:3', 'test_meta.R:39:3',
'test_mlr_graphs_branching.R:26:3', 'test_mlr_graphs_bagging.R:6:3',
'test_mlr_graphs_robustify.R:5:3', 'test_pipeop_branch.R:4:3',
'test_pipeop_chunk.R:4:3', 'test_pipeop_boxcox.R:9:3',
'test_pipeop_classweights.R:10:3', 'test_pipeop_classbalancing.R:10:3',
'test_pipeop_colroles.R:10:3', 'test_pipeop_colapply.R:9:3',
'test_pipeop_copy.R:5:3', 'test_pipeop_encode.R:21:3',
'test_pipeop_encodeimpact.R:11:3', 'test_pipeop_datefeatures.R:13:3',
'test_pipeop_encodelmer.R:15:3', 'test_pipeop_encodelmer.R:38:3',
'test_pipeop_encodelmer.R:81:3', 'test_pipeop_ensemble.R:6:3',
'test_pipeop_filter.R:7:3', 'test_pipeop_fixfactors.R:9:3',
'test_pipeop_featureunion.R:9:3', 'test_pipeop_featureunion.R:134:3',
'test_pipeop_histbin.R:9:3', 'test_pipeop_ica.R:7:3',
'test_pipeop_impute.R:4:3', 'test_pipeop_kernelpca.R:9:3',
'test_pipeop_learner.R:17:3', 'test_pipeop_imputelearner.R:42:3',
'test_pipeop_learnercv.R:31:3', 'test_pipeop_modelmatrix.R:7:3',
'test_pipeop_multiplicityexply.R:9:3', 'test_pipeop_missind.R:6:3',
'test_pipeop_mutate.R:9:3', 'test_pipeop_multiplicityimply.R:9:3',
'test_pipeop_ovr.R:9:3', 'test_pipeop_ovr.R:48:3', 'test_pipeop_pca.R:8:3',
'test_pipeop_proxy.R:14:3', 'test_pipeop_nmf.R:9:3',
'test_pipeop_quantilebin.R:5:3', 'test_pipeop_randomprojection.R:8:3',
'test_pipeop_randomresponse.R:5:3', 'test_pipeop_renamecolumns.R:11:3',
'test_pipeop_replicate.R:9:3', 'test_pipeop_removeconstants.R:10:3',
'test_pipeop_scale.R:8:3', 'test_pipeop_scale.R:18:3',
'test_pipeop_scalemaxabs.R:7:3', 'test_pipeop_scalerange.R:8:3',
'test_pipeop_select.R:9:3', 'test_pipeop_smote.R:10:3',
'test_pipeop_subsample.R:10:3', 'test_pipeop_targetinvert.R:4:3',
'test_pipeop_targetmutate.R:5:3', 'test_pipeop_targettrafo.R:4:3',
'test_pipeop_targettrafoscalerange.R:5:3', 'test_pipeop_task_preproc.R:4:3',
'test_pipeop_task_preproc.R:14:3', 'test_pipeop_spatialsign.R:7:3',
'test_pipeop_textvectorizer.R:38:3', 'test_pipeop_textvectorizer.R:190:3',
'test_pipeop_unbranch.R:10:3', 'test_pipeop_updatetarget.R:89:3',
'test_pipeop_yeojohnson.R:8:3', 'test_pipeop_vtreat.R:9:3'
• empty test (3): 'test_pipeop_learnercv.R:53:1',
'test_pipeop_missind.R:101:1', 'test_ppl.R:61:1'
• ranger cannot be loaded (1): 'test_typecheck.R:186:3'
══ Failed tests ════════════════════════════════════════════════════════════════
── Failure ('test_pipeop_textvectorizer.R:189:3'): PipeOpTextVectorizer - integer sequence ──
all(dt2[1, paste0("txt.V", seq_len(10)), with = FALSE] == 1:10) is not TRUE
`actual`: FALSE
`expected`: TRUE
[ FAIL 1 | WARN 0 | SKIP 80 | PASS 13108 ]
Error: Test failures
Execution halted
Flavor: r-patched-linux-x86_64