Last updated on 2024-05-02 04:00:25 CEST.
Flavor | Version | Tinstall | Tcheck | Ttotal | Status | Flags |
---|---|---|---|---|---|---|
r-devel-linux-x86_64-debian-clang | 3.1.9 | 7.33 | 41.91 | 49.24 | NOTE | |
r-devel-linux-x86_64-debian-gcc | 3.1.9 | 5.78 | 32.21 | 37.99 | NOTE | |
r-devel-linux-x86_64-fedora-clang | 3.1.9 | 61.40 | NOTE | |||
r-devel-linux-x86_64-fedora-gcc | 3.1.9 | 71.10 | NOTE | |||
r-devel-windows-x86_64 | 3.1.9 | 10.00 | 70.00 | 80.00 | NOTE | |
r-patched-linux-x86_64 | 3.1.9 | 6.28 | 40.18 | 46.46 | NOTE | |
r-release-linux-x86_64 | 3.1.9 | 5.81 | 39.43 | 45.24 | NOTE | |
r-release-macos-arm64 | 3.1.9 | 30.00 | NOTE | |||
r-release-windows-x86_64 | 3.1.9 | 10.00 | 71.00 | 81.00 | NOTE | |
r-oldrel-macos-arm64 | 3.1.9 | 30.00 | NOTE | |||
r-oldrel-macos-x86_64 | 3.1.9 | 45.00 | NOTE | |||
r-oldrel-windows-x86_64 | 3.1.9 | 10.00 | 73.00 | 83.00 | NOTE |
Version: 3.1.9
Check: Rd files
Result: NOTE
checkRd: (-1) gp.list.Rd:16: Escaped LaTeX specials: \#
Flavors: r-devel-linux-x86_64-debian-clang, r-devel-linux-x86_64-debian-gcc, r-devel-linux-x86_64-fedora-clang, r-devel-linux-x86_64-fedora-gcc, r-devel-windows-x86_64, r-patched-linux-x86_64, r-release-linux-x86_64, r-release-macos-arm64, r-release-windows-x86_64, r-oldrel-macos-arm64, r-oldrel-macos-x86_64, r-oldrel-windows-x86_64