Last updated on 2025-07-04 05:49:27 CEST.
Flavor | Version | Tinstall | Tcheck | Ttotal | Status | Flags |
---|---|---|---|---|---|---|
r-devel-linux-x86_64-debian-clang | 0.2.4 | 6.78 | 70.61 | 77.39 | OK | |
r-devel-linux-x86_64-debian-gcc | 0.2.4 | 4.20 | 49.99 | 54.19 | OK | |
r-devel-linux-x86_64-fedora-clang | 0.2.4 | 124.03 | OK | |||
r-devel-linux-x86_64-fedora-gcc | 0.2.4 | 125.96 | OK | |||
r-devel-windows-x86_64 | 0.2.4 | 7.00 | 86.00 | 93.00 | OK | |
r-patched-linux-x86_64 | 0.2.4 | 6.62 | 65.06 | 71.68 | OK | |
r-release-linux-x86_64 | 0.2.4 | 5.43 | 66.89 | 72.32 | OK | |
r-release-macos-arm64 | 0.2.4 | 40.00 | OK | |||
r-release-macos-x86_64 | 0.2.4 | 81.00 | OK | |||
r-release-windows-x86_64 | 0.2.4 | 8.00 | 80.00 | 88.00 | OK | |
r-oldrel-macos-arm64 | 0.2.4 | 44.00 | NOTE | |||
r-oldrel-macos-x86_64 | 0.2.4 | 61.00 | NOTE | |||
r-oldrel-windows-x86_64 | 0.2.4 | 10.00 | 99.00 | 109.00 | NOTE |
Version: 0.2.4
Check: LazyData
Result: NOTE
'LazyData' is specified without a 'data' directory
Flavors: r-oldrel-macos-arm64, r-oldrel-macos-x86_64, r-oldrel-windows-x86_64