CRAN Package Check Results for Package mixtox

Last updated on 2025-07-05 05:50:33 CEST.

Flavor Version Tinstall Tcheck Ttotal Status Flags
r-devel-linux-x86_64-debian-clang 1.4.0 4.76 48.94 53.70 NOTE
r-devel-linux-x86_64-debian-gcc 1.4.0 3.87 33.12 36.99 NOTE
r-devel-linux-x86_64-fedora-clang 1.4.0 88.61 OK
r-devel-linux-x86_64-fedora-gcc 1.4.0 80.59 OK
r-devel-windows-x86_64 1.4.0 6.00 65.00 71.00 OK
r-patched-linux-x86_64 1.4.0 5.66 45.32 50.98 OK
r-release-linux-x86_64 1.4.0 4.76 46.81 51.57 OK
r-release-macos-arm64 1.4.0 26.00 OK
r-release-macos-x86_64 1.4.0 62.00 OK
r-release-windows-x86_64 1.4.0 6.00 67.00 73.00 OK
r-oldrel-macos-arm64 1.4.0 25.00 OK
r-oldrel-macos-x86_64 1.4.0 37.00 OK
r-oldrel-windows-x86_64 1.4.0 5.00 77.00 82.00 OK

Check Details

Version: 1.4.0
Check: CRAN incoming feasibility
Result: NOTE Maintainer: ‘Xiangwei Zhu <xwzhunc@gmail.com>’ No Authors@R field in DESCRIPTION. Please add one, modifying Authors@R: person(given = "Xiangwei", family = "Zhu", role = c("aut", "cre"), email = "xwzhunc@gmail.com") as necessary. Flavors: r-devel-linux-x86_64-debian-clang, r-devel-linux-x86_64-debian-gcc