Last updated on 2025-07-19 05:49:47 CEST.
Flavor | Version | Tinstall | Tcheck | Ttotal | Status | Flags |
---|---|---|---|---|---|---|
r-devel-linux-x86_64-debian-clang | 0.1.0 | 9.52 | 213.09 | 222.61 | NOTE | |
r-devel-linux-x86_64-debian-gcc | 0.1.0 | 6.80 | 155.94 | 162.74 | NOTE | |
r-devel-linux-x86_64-fedora-clang | 0.1.0 | 337.00 | OK | |||
r-devel-linux-x86_64-fedora-gcc | 0.1.0 | 362.40 | OK | |||
r-devel-windows-x86_64 | 0.1.0 | 11.00 | 218.00 | 229.00 | OK | |
r-patched-linux-x86_64 | 0.1.0 | 9.94 | 219.64 | 229.58 | OK | |
r-release-linux-x86_64 | 0.1.0 | 9.16 | 217.87 | 227.03 | OK | |
r-release-macos-arm64 | 0.1.0 | 111.00 | OK | |||
r-release-macos-x86_64 | 0.1.0 | 215.00 | OK | |||
r-release-windows-x86_64 | 0.1.0 | 11.00 | 219.00 | 230.00 | OK | |
r-oldrel-macos-arm64 | 0.1.0 | 125.00 | OK | |||
r-oldrel-macos-x86_64 | 0.1.0 | 189.00 | OK | |||
r-oldrel-windows-x86_64 | 0.1.0 | 15.00 | 291.00 | 306.00 | OK |
Version: 0.1.0
Check: CRAN incoming feasibility
Result: NOTE
Maintainer: ‘Alexander White <whitealj@iu.edu>’
The BugReports field in DESCRIPTION has
https://github.com/alexanderjwhite/mixedLSR
which should likely be
https://github.com/alexanderjwhite/mixedLSR/issues
instead.
Flavors: r-devel-linux-x86_64-debian-clang, r-devel-linux-x86_64-debian-gcc