CRAN Package Check Results for Package mirtjml

Last updated on 2025-07-26 05:48:42 CEST.

Flavor Version Tinstall Tcheck Ttotal Status Flags
r-devel-linux-x86_64-debian-clang 1.4.0 42.98 27.23 70.21 NOTE
r-devel-linux-x86_64-debian-gcc 1.4.0 29.50 21.70 51.20 NOTE
r-devel-linux-x86_64-fedora-clang 1.4.0 125.48 NOTE
r-devel-linux-x86_64-fedora-gcc 1.4.0 118.00 NOTE
r-devel-windows-x86_64 1.4.0 50.00 88.00 138.00 NOTE
r-patched-linux-x86_64 1.4.0 42.01 25.69 67.70 NOTE
r-release-linux-x86_64 1.4.0 44.87 25.81 70.68 NOTE
r-release-macos-arm64 1.4.0 34.00 NOTE
r-release-macos-x86_64 1.4.0 57.00 NOTE
r-release-windows-x86_64 1.4.0 48.00 96.00 144.00 NOTE
r-oldrel-macos-arm64 1.4.0 34.00 NOTE
r-oldrel-macos-x86_64 1.4.0 39.00 NOTE
r-oldrel-windows-x86_64 1.4.0 57.00 85.00 142.00 NOTE

Check Details

Version: 1.4.0
Check: C++ specification
Result: NOTE Specified C++11: please drop specification unless essential Flavors: r-devel-linux-x86_64-debian-clang, r-devel-linux-x86_64-debian-gcc, r-devel-linux-x86_64-fedora-clang, r-devel-linux-x86_64-fedora-gcc, r-devel-windows-x86_64, r-patched-linux-x86_64, r-release-linux-x86_64, r-release-macos-arm64, r-release-macos-x86_64, r-release-windows-x86_64, r-oldrel-macos-arm64, r-oldrel-macos-x86_64, r-oldrel-windows-x86_64

Version: 1.4.0
Check: package subdirectories
Result: NOTE Problems with news in ‘NEWS.md’: No news entries found. Flavors: r-devel-linux-x86_64-debian-clang, r-devel-linux-x86_64-debian-gcc, r-devel-linux-x86_64-fedora-clang, r-devel-linux-x86_64-fedora-gcc, r-devel-windows-x86_64, r-patched-linux-x86_64, r-release-linux-x86_64, r-release-macos-arm64, r-release-macos-x86_64, r-release-windows-x86_64, r-oldrel-macos-arm64, r-oldrel-macos-x86_64, r-oldrel-windows-x86_64