Last updated on 2025-02-07 05:50:46 CET.
Flavor | Version | Tinstall | Tcheck | Ttotal | Status | Flags |
---|---|---|---|---|---|---|
r-devel-linux-x86_64-debian-clang | 1.0.1 | 13.01 | 19.20 | 32.21 | OK | |
r-devel-linux-x86_64-debian-gcc | 1.0.1 | 9.39 | 16.17 | 25.56 | OK | |
r-devel-linux-x86_64-fedora-clang | 1.0.1 | 63.18 | OK | |||
r-devel-linux-x86_64-fedora-gcc | 1.0.1 | 55.27 | OK | |||
r-devel-windows-x86_64 | 1.0.1 | 37.00 | 66.00 | 103.00 | OK | |
r-patched-linux-x86_64 | 1.0.1 | 12.66 | 18.59 | 31.25 | OK | |
r-release-linux-x86_64 | 1.0.1 | 11.39 | 18.33 | 29.72 | OK | |
r-release-macos-arm64 | 1.0.1 | 30.00 | NOTE | |||
r-release-macos-x86_64 | 1.0.1 | 53.00 | NOTE | |||
r-release-windows-x86_64 | 1.0.1 | 84.00 | 5.00 | 89.00 | ERROR | |
r-oldrel-macos-arm64 | 1.0.1 | 31.00 | NOTE | |||
r-oldrel-macos-x86_64 | 1.0.1 | 58.00 | NOTE | |||
r-oldrel-windows-x86_64 | 1.0.1 | 32.00 | 69.00 | 101.00 | NOTE |
Version: 1.0.1
Check: installed package size
Result: NOTE
installed size is 41.2Mb
sub-directories of 1Mb or more:
libs 1.4Mb
redengine 39.6Mb
Flavors: r-release-macos-arm64, r-release-macos-x86_64, r-oldrel-macos-arm64, r-oldrel-macos-x86_64, r-oldrel-windows-x86_64
Version: 1.0.1
Check: whether package can be installed
Result: ERROR
Installation failed.
Flavor: r-release-windows-x86_64