Last updated on 2024-05-02 04:00:25 CEST.
Flavor | Version | Tinstall | Tcheck | Ttotal | Status | Flags |
---|---|---|---|---|---|---|
r-devel-linux-x86_64-debian-clang | 1.6.1 | 30.73 | 304.86 | 335.59 | NOTE | |
r-devel-linux-x86_64-debian-gcc | 1.6.1 | 23.52 | 218.33 | 241.85 | NOTE | |
r-devel-linux-x86_64-fedora-clang | 1.6.1 | 416.74 | NOTE | |||
r-devel-linux-x86_64-fedora-gcc | 1.6.1 | 418.30 | NOTE | |||
r-devel-windows-x86_64 | 1.6.1 | 25.00 | 249.00 | 274.00 | NOTE | |
r-patched-linux-x86_64 | 1.6.1 | 18.88 | 290.35 | 309.23 | NOTE | |
r-release-linux-x86_64 | 1.6.1 | 17.31 | 287.84 | 305.15 | NOTE | |
r-release-macos-arm64 | 1.6.1 | 112.00 | NOTE | |||
r-release-windows-x86_64 | 1.6.1 | 25.00 | 240.00 | 265.00 | NOTE | |
r-oldrel-macos-arm64 | 1.6.1 | 136.00 | OK | |||
r-oldrel-macos-x86_64 | 1.6.1 | 280.00 | OK | |||
r-oldrel-windows-x86_64 | 1.6.1 | 32.00 | 318.00 | 350.00 | OK |
Version: 1.6.1
Check: Rd files
Result: NOTE
checkRd: (-1) create_grouped_data_partition.Rd:60: Lost braces; missing escapes or markup?
60 | Zena Lapp, {zenalapp@umich.edu}
| ^
checkRd: (-1) create_grouped_data_partition.Rd:62: Lost braces; missing escapes or markup?
62 | Kelly Sovacool, {sovacool@umich.edu}
| ^
checkRd: (-1) create_grouped_k_multifolds.Rd:30: Lost braces; missing escapes or markup?
30 | Zena Lapp, {zenalapp@umich.edu}
| ^
checkRd: (-1) get_partition_indices.Rd:58: Lost braces; missing escapes or markup?
58 | Kelly Sovacool, {sovacool@umich.edu}
| ^
checkRd: (-1) set_hparams_glmnet.Rd:16: Lost braces; missing escapes or markup?
16 | Zena Lapp, {zenalapp@umich.edu}
| ^
Flavors: r-devel-linux-x86_64-debian-clang, r-devel-linux-x86_64-debian-gcc, r-devel-linux-x86_64-fedora-clang, r-devel-linux-x86_64-fedora-gcc, r-devel-windows-x86_64, r-patched-linux-x86_64, r-release-linux-x86_64, r-release-macos-arm64, r-release-windows-x86_64