CRAN Package Check Results for Package mikropml

Last updated on 2025-07-03 04:51:02 CEST.

Flavor Version Tinstall Tcheck Ttotal Status Flags
r-devel-linux-x86_64-debian-clang 1.6.1 25.19 255.97 281.16 NOTE
r-devel-linux-x86_64-debian-gcc 1.6.1 17.05 172.22 189.27 NOTE
r-devel-linux-x86_64-fedora-clang 1.6.1 437.73 NOTE
r-devel-linux-x86_64-fedora-gcc 1.6.1 429.99 NOTE
r-devel-windows-x86_64 1.6.1 25.00 251.00 276.00 NOTE
r-patched-linux-x86_64 1.6.1 24.53 242.10 266.63 NOTE
r-release-linux-x86_64 1.6.1 22.28 240.75 263.03 NOTE
r-release-macos-arm64 1.6.1 113.00 NOTE
r-release-macos-x86_64 1.6.1 217.00 NOTE
r-release-windows-x86_64 1.6.1 24.00 252.00 276.00 NOTE
r-oldrel-macos-arm64 1.6.1 112.00 NOTE
r-oldrel-macos-x86_64 1.6.1 169.00 NOTE
r-oldrel-windows-x86_64 1.6.1 35.00 338.00 373.00 NOTE

Check Details

Version: 1.6.1
Check: Rd files
Result: NOTE checkRd: (-1) create_grouped_data_partition.Rd:60: Lost braces; missing escapes or markup? 60 | Zena Lapp, {zenalapp@umich.edu} | ^ checkRd: (-1) create_grouped_data_partition.Rd:62: Lost braces; missing escapes or markup? 62 | Kelly Sovacool, {sovacool@umich.edu} | ^ checkRd: (-1) create_grouped_k_multifolds.Rd:30: Lost braces; missing escapes or markup? 30 | Zena Lapp, {zenalapp@umich.edu} | ^ checkRd: (-1) get_partition_indices.Rd:58: Lost braces; missing escapes or markup? 58 | Kelly Sovacool, {sovacool@umich.edu} | ^ checkRd: (-1) set_hparams_glmnet.Rd:16: Lost braces; missing escapes or markup? 16 | Zena Lapp, {zenalapp@umich.edu} | ^ Flavors: r-devel-linux-x86_64-debian-clang, r-devel-linux-x86_64-debian-gcc, r-devel-linux-x86_64-fedora-clang, r-devel-linux-x86_64-fedora-gcc, r-devel-windows-x86_64, r-patched-linux-x86_64, r-release-linux-x86_64, r-release-macos-arm64, r-release-macos-x86_64, r-release-windows-x86_64, r-oldrel-macos-arm64, r-oldrel-macos-x86_64, r-oldrel-windows-x86_64