Last updated on 2024-05-02 04:00:25 CEST.
Flavor | Version | Tinstall | Tcheck | Ttotal | Status | Flags |
---|---|---|---|---|---|---|
r-devel-linux-x86_64-debian-clang | 2.1.6 | 55.09 | 62.58 | 117.67 | NOTE | |
r-devel-linux-x86_64-debian-gcc | 2.1.6 | 37.98 | 46.26 | 84.24 | NOTE | |
r-devel-linux-x86_64-fedora-clang | 2.1.6 | 167.22 | NOTE | |||
r-devel-linux-x86_64-fedora-gcc | 2.1.6 | 169.26 | NOTE | |||
r-devel-windows-x86_64 | 2.1.6 | 43.00 | 101.00 | 144.00 | NOTE | |
r-patched-linux-x86_64 | 2.1.6 | 58.72 | 59.40 | 118.12 | NOTE | |
r-release-linux-x86_64 | 2.1.6 | 46.06 | 59.03 | 105.09 | NOTE | |
r-release-macos-arm64 | 2.1.6 | 44.00 | NOTE | |||
r-release-windows-x86_64 | 2.1.6 | 45.00 | 102.00 | 147.00 | NOTE | |
r-oldrel-macos-arm64 | 2.1.6 | 48.00 | OK | |||
r-oldrel-macos-x86_64 | 2.1.6 | 86.00 | OK | |||
r-oldrel-windows-x86_64 | 2.1.6 | 54.00 | 108.00 | 162.00 | OK |
Version: 2.1.6
Check: Rd files
Result: NOTE
checkRd: (-1) readFastq.Rd:62: Lost braces
62 | code{\link{readFasta}}.
| ^
Flavors: r-devel-linux-x86_64-debian-clang, r-devel-linux-x86_64-debian-gcc, r-devel-linux-x86_64-fedora-clang, r-devel-linux-x86_64-fedora-gcc, r-devel-windows-x86_64, r-patched-linux-x86_64, r-release-linux-x86_64, r-release-macos-arm64, r-release-windows-x86_64