CRAN Package Check Results for Package mgss

Last updated on 2025-07-04 05:49:27 CEST.

Flavor Version Tinstall Tcheck Ttotal Status Flags
r-devel-linux-x86_64-debian-clang 1.2 15.15 62.75 77.90 NOTE
r-devel-linux-x86_64-debian-gcc 1.2 12.96 49.55 62.51 NOTE
r-devel-linux-x86_64-fedora-clang 1.2 129.89 NOTE
r-devel-linux-x86_64-fedora-gcc 1.2 131.68 NOTE
r-devel-windows-x86_64 1.2 19.00 95.00 114.00 NOTE
r-patched-linux-x86_64 1.2 17.61 61.47 79.08 NOTE
r-release-linux-x86_64 1.2 16.97 59.50 76.47 NOTE
r-release-macos-arm64 1.2 41.00 NOTE
r-release-macos-x86_64 1.2 96.00 NOTE
r-release-windows-x86_64 1.2 20.00 89.00 109.00 NOTE
r-oldrel-macos-arm64 1.2 39.00 NOTE
r-oldrel-macos-x86_64 1.2 74.00 NOTE
r-oldrel-windows-x86_64 1.2 24.00 111.00 135.00 NOTE

Check Details

Version: 1.2
Check: CRAN incoming feasibility
Result: NOTE Maintainer: ‘Martin Siebenborn <martin.siebenborn@uni-hamburg.de>’ The BugReports field in DESCRIPTION has https://github.com/SplineSmoothing/MGSS which should likely be https://github.com/SplineSmoothing/MGSS/issues instead. Flavors: r-devel-linux-x86_64-debian-clang, r-devel-linux-x86_64-debian-gcc

Version: 1.2
Check: C++ specification
Result: NOTE Specified C++14: please drop specification unless essential Flavors: r-devel-linux-x86_64-debian-clang, r-devel-linux-x86_64-debian-gcc, r-devel-linux-x86_64-fedora-clang, r-devel-linux-x86_64-fedora-gcc, r-devel-windows-x86_64, r-patched-linux-x86_64, r-release-linux-x86_64, r-release-macos-arm64, r-release-macos-x86_64, r-release-windows-x86_64, r-oldrel-macos-arm64, r-oldrel-macos-x86_64, r-oldrel-windows-x86_64