CRAN Package Check Results for Package merror

Last updated on 2025-07-03 04:51:02 CEST.

Flavor Version Tinstall Tcheck Ttotal Status Flags
r-devel-linux-x86_64-debian-clang 3.0 9.64 80.24 89.88 NOTE
r-devel-linux-x86_64-debian-gcc 3.0 6.14 61.25 67.39 NOTE
r-devel-linux-x86_64-fedora-clang 3.0 137.02 OK
r-devel-linux-x86_64-fedora-gcc 3.0 134.32 OK
r-devel-windows-x86_64 3.0 10.00 95.00 105.00 OK
r-patched-linux-x86_64 3.0 10.00 77.05 87.05 OK
r-release-linux-x86_64 3.0 7.48 78.00 85.48 OK
r-release-macos-arm64 3.0 44.00 OK
r-release-macos-x86_64 3.0 74.00 OK
r-release-windows-x86_64 3.0 10.00 98.00 108.00 OK
r-oldrel-macos-arm64 3.0 41.00 OK
r-oldrel-macos-x86_64 3.0 59.00 OK
r-oldrel-windows-x86_64 3.0 13.00 115.00 128.00 OK

Check Details

Version: 3.0
Check: CRAN incoming feasibility
Result: NOTE Maintainer: ‘Richard A. Bilonick <rabilonick@gmail.com>’ No Authors@R field in DESCRIPTION. Please add one, modifying Authors@R: person(given = c("Richard", "A."), family = "Bilonick", role = c("aut", "cre"), email = "rabilonick@gmail.com") as necessary. Flavors: r-devel-linux-x86_64-debian-clang, r-devel-linux-x86_64-debian-gcc