CRAN Package Check Results for Package mekko

Last updated on 2025-07-03 04:51:02 CEST.

Flavor Version Tinstall Tcheck Ttotal Status Flags
r-devel-linux-x86_64-debian-clang 0.1.0 1.35 29.20 30.55 OK
r-devel-linux-x86_64-debian-gcc 0.1.0 1.36 23.33 24.69 OK
r-devel-linux-x86_64-fedora-clang 0.1.0 50.08 OK
r-devel-linux-x86_64-fedora-gcc 0.1.0 61.87 OK
r-devel-windows-x86_64 0.1.0 3.00 52.00 55.00 OK
r-patched-linux-x86_64 0.1.0 1.74 27.80 29.54 OK
r-release-linux-x86_64 0.1.0 1.66 28.25 29.91 OK
r-release-macos-arm64 0.1.0 51.00 OK
r-release-macos-x86_64 0.1.0 45.00 OK
r-release-windows-x86_64 0.1.0 4.00 53.00 57.00 OK
r-oldrel-macos-arm64 0.1.0 25.00 NOTE
r-oldrel-macos-x86_64 0.1.0 38.00 NOTE
r-oldrel-windows-x86_64 0.1.0 4.00 59.00 63.00 NOTE

Check Details

Version: 0.1.0
Check: LazyData
Result: NOTE 'LazyData' is specified without a 'data' directory Flavors: r-oldrel-macos-arm64, r-oldrel-macos-x86_64, r-oldrel-windows-x86_64