Last updated on 2024-05-02 04:00:25 CEST.
Flavor | Version | Tinstall | Tcheck | Ttotal | Status | Flags |
---|---|---|---|---|---|---|
r-devel-linux-x86_64-debian-clang | 0.4.1 | 9.03 | 232.63 | 241.66 | NOTE | |
r-devel-linux-x86_64-debian-gcc | 0.4.1 | 5.80 | 175.27 | 181.07 | NOTE | |
r-devel-linux-x86_64-fedora-clang | 0.4.1 | 282.06 | NOTE | |||
r-devel-linux-x86_64-fedora-gcc | 0.4.1 | 286.92 | NOTE | |||
r-devel-windows-x86_64 | 0.4.1 | 8.00 | 261.00 | 269.00 | NOTE | |
r-patched-linux-x86_64 | 0.4.1 | 8.57 | 216.41 | 224.98 | NOTE | |
r-release-linux-x86_64 | 0.4.1 | 8.17 | 223.11 | 231.28 | NOTE | |
r-release-macos-arm64 | 0.4.1 | 111.00 | NOTE | |||
r-release-windows-x86_64 | 0.4.1 | 7.00 | 252.00 | 259.00 | NOTE | |
r-oldrel-macos-arm64 | 0.4.1 | 129.00 | OK | |||
r-oldrel-macos-x86_64 | 0.4.1 | 221.00 | OK | |||
r-oldrel-windows-x86_64 | 0.4.1 | 9.00 | 277.00 | 286.00 | OK |
Version: 0.4.1
Check: Rd files
Result: NOTE
checkRd: (-1) strings-internal.Rd:14: Lost braces
14 | code{stringPlaceExact}: find location of string, using exact match
| ^
checkRd: (-1) strings-internal.Rd:17: Lost braces
17 | code{stringPlaceFuzzy}: find location of string, using partial match
| ^
checkRd: (-1) strings-internal.Rd:19: Lost braces
19 | code{stringPlace}: find location of string, generic
| ^
checkRd: (-1) strings-internal.Rd:21: Lost braces
21 | code{checkFuzzy}: check for "close" string matches
| ^
Flavors: r-devel-linux-x86_64-debian-clang, r-devel-linux-x86_64-debian-gcc, r-devel-linux-x86_64-fedora-clang, r-devel-linux-x86_64-fedora-gcc, r-devel-windows-x86_64, r-patched-linux-x86_64, r-release-linux-x86_64, r-release-macos-arm64, r-release-windows-x86_64